{"id":1089,"date":"2021-11-24T02:42:26","date_gmt":"2021-11-24T01:42:26","guid":{"rendered":"https:\/\/lfiduras.com\/?page_id=1089"},"modified":"2024-06-06T09:36:29","modified_gmt":"2024-06-06T02:36:29","slug":"decisions-aefe","status":"publish","type":"page","link":"https:\/\/lfiduras.com\/index.php\/decisions-aefe\/","title":{"rendered":"D\u00e9cisions AEFE"},"content":{"rendered":"\n<p>En application \u00e0 la&nbsp;<a href=\"https:\/\/www.lfcaire.org\/wp-content\/uploads\/2021\/06\/Deliberation_n%C2%B05.2021_modalites-publicite-actes.pdf\">d\u00e9lib\u00e9ration N\u00b005\/2021<\/a>&nbsp;concernant les modalit\u00e9s de publicit\u00e9 des actes de l\u2019Agence pour l\u2019Enseignement Fran\u00e7ais \u00e0 l\u2019Etranger (AEFE) dans les Etablissements en Gestion Directe (EGD), les actes suivants font l\u2019objet d\u2019un affichage dans nos locaux et d\u2019une publication sur notre site internet :<\/p>\n\n\n\n<p>&#8211; les d\u00e9cisions relatives au montant des frais de scolarit\u00e9,<br>&#8211; les d\u00e9cisions relatives aux conditions de r\u00e9mun\u00e9ration des personnels en contrat local,<br>&#8211; les d\u00e9l\u00e9gations de pouvoir ou de signature accord\u00e9es aux ordonnateurs secondaires,<br>&#8211; le r\u00e8glement int\u00e9rieur de l\u2019\u00e9tablissement.<\/p>\n\n\n\n<p><a href=\"https:\/\/lfiduras.com\/lfiduras\/wp-content\/uploads\/2024\/06\/2024_0420-Delegation-de-signature-marche-restauration-2024-2025-HCMV.pdf\">2024_0420 D\u00e9cision portant d\u00e9l\u00e9gation de signature pour le march\u00e9 restauration 2024-2025- HCMV<\/a><\/p>\n\n\n\n<p><a href=\"https:\/\/lfiduras.com\/lfiduras\/wp-content\/uploads\/2024\/05\/2024-0382-decision-prise-en-charge-frais-permis-travail-pers-non-vietnamiens-.pdf\">D\u00e9cision N\u00b011\/2024 relative \u00e0 la prise en charge des frais pour les personnels non vietnamiens <\/a><\/p>\n\n\n\n<p><a href=\"https:\/\/lfiduras.com\/lfiduras\/wp-content\/uploads\/2024\/05\/2024_0352_Delegation-signature-marche-HTT_HCMV.pdf\">2024_0352_D\u00e9l\u00e9gation signature march\u00e9 HTT_HCMV<\/a><\/p>\n\n\n\n<p><a href=\"https:\/\/lfiduras.com\/lfiduras\/wp-content\/uploads\/2024\/05\/2024-decision10prisenechargecgenial.pdf\">D\u00e9cision N\u00b010\/LFIMD\/2023-2024 &#8211; Relative \u00e0 la prise en charge d&#8217;un voyage scolaire par l&#8217;\u00e9tablissement<\/a><\/p>\n\n\n\n<p><a href=\"https:\/\/lfiduras.com\/lfiduras\/wp-content\/uploads\/2024\/04\/2024_0255-decision-modif-DS-2024-25-HCMV.pdf\">D\u00e9cision N\u00b04bis\/2430002G\/2023-2024 &#8211; Relative aux droits \u00e0 acquitter par les familles<\/a><\/p>\n\n\n\n<p><a href=\"https:\/\/lfiduras.com\/lfiduras\/wp-content\/uploads\/2024\/02\/2024-decision8-acceptation-caisse-sol.pdf\">D\u00e9cision N\u00b08\/2430002G\/2023-2024 &#8211; relative \u00e0 l&#8217;acceptation d&#8217;un don \u00e0 l&#8217;\u00e9tablissement pour un montant unitaire inf\u00e9rieure \u00e0 3000\u20ac<\/a><\/p>\n\n\n\n<p><a href=\"https:\/\/lfiduras.com\/lfiduras\/wp-content\/uploads\/2024\/01\/2023_0336_remuneration-PDL-01-01-2024-HCMV-Vietnamaffichage.pdf\">D\u00e9cision N\u00b05\/2430002G\/2023-2024 &#8211; Relative aux conditions de r\u00e9mun\u00e9ration des personnels en contrat local.<\/a><\/p>\n\n\n\n<p><a href=\"https:\/\/lfiduras.com\/lfiduras\/wp-content\/uploads\/2023\/12\/2023_0243_Droits-de-scolarite-2024-25-Ho-Chi-Minh-Ville-Vietnam-1.pdf\">D\u00e9cision N\u00b04\/2430002G\/2023-2024 &#8211; Relative aux droits \u00e0 acquitter par les familles<\/a><\/p>\n\n\n\n<p><a href=\"https:\/\/lfiduras.com\/lfiduras\/wp-content\/uploads\/2023\/11\/Decision-6-Voyages-scolaires-2024.pdf\">D\u00e9cision N\u00b06\/LFIMD\/2023-2024 &#8211; Relative aux droits \u00e0 acquitter par les familles<\/a><\/p>\n\n\n\n<p><a href=\"https:\/\/lfiduras.com\/lfiduras\/wp-content\/uploads\/2023\/10\/2023-decision3-23-24-voyages.pdf\">D\u00e9cision N\u00b03\/LFIMD\/2023-2024 &#8211; Relative aux droits \u00e0 acquitter par les familles<\/a><\/p>\n\n\n\n<p><a href=\"https:\/\/lfiduras.com\/lfiduras\/wp-content\/uploads\/2023\/09\/2023-2024decision-1.pdf\">D\u00e9cision n\u00b02\/2430002G\/2023 relative aux droits \u00e0 acquitter par les familles<\/a><\/p>\n\n\n\n<p><a href=\"https:\/\/lfiduras.com\/lfiduras\/wp-content\/uploads\/2023\/09\/2023-2024decision-2.pdf\">D\u00e9cision n\u00b01\/2430002G\/2023 relative aux remboursements exceptionnels des droits de premi\u00e8re inscription.<\/a><\/p>\n\n\n\n<p><a href=\"https:\/\/lfiduras.com\/lfiduras\/wp-content\/uploads\/2023\/09\/Acte-conseil-peda-20213-24.pdf\"> D\u00e9cision N\u00b03\/243002G\/2023-2024 relatif au conseil p\u00e9dagogique pour l&#8217;ann\u00e9e 2023-2024<\/a><\/p>\n\n\n\n<p><a href=\"https:\/\/lfiduras.com\/lfiduras\/wp-content\/uploads\/2023\/09\/Ordo-sec_Ho-Chi-Minh_2.pdf\">D\u00e9cision portant nomination d&#8217;un ordonnateur secondaire &#8211; Lyc\u00e9e fran\u00e7ais international Marguerite Duras &#8211; Ho-Chi-Minh-Ville &#8211; Vietnam<\/a><\/p>\n\n\n\n<p><a href=\"https:\/\/lfiduras.com\/lfiduras\/wp-content\/uploads\/2023\/09\/DS_EGD_MOTA_Ho-Chi-Minh_2.pdf\">D\u00e9cision portant d\u00e9l\u00e9gation de signature et d\u00e9l\u00e9gation \u00e0 l&#8217;effet de repr\u00e9senter l&#8217;AEFE devant les juridictions locales.<\/a><\/p>\n\n\n\n<p><a href=\"https:\/\/lfiduras.com\/lfiduras\/wp-content\/uploads\/2023\/09\/DP_EGD_Ho-Chi-Minh_2.pdf\">D\u00e9l\u00e9gation de pouvoir en faveur du chef d&#8217;\u00e9tablissement en gestion directe<\/a><\/p>\n\n\n\n<p><\/p>\n\n\n\n<p><a href=\"https:\/\/lfiduras.com\/lfiduras\/wp-content\/uploads\/2023\/08\/HCMV-2023-739-decisions-docs-administratifs-23-24.pdf\">D\u00e9cision N\u00b0 26\/2430002G\/20123 &#8211; Relative \u00e0 la prise en charge de frais pour les personnels non vietnamiens<\/a>.<\/p>\n\n\n\n<p><a href=\"https:\/\/lfiduras.com\/lfiduras\/wp-content\/uploads\/2023\/06\/HCMV_reprise-fondations_delegation-marche-travaux-1.pdf\">D\u00e9cision portant d\u00e9l\u00e9gation de signature du directeur g\u00e9n\u00e9ral de l&#8217;Agence pour l&#8217;enseignement du fran\u00e7ais \u00e0 l&#8217;\u00e9tranger pour la r\u00e9alisation d&#8217;une op\u00e9ration particuli\u00e8re &#8211; 12 juin 2023.<\/a><\/p>\n\n\n\n<p><a href=\"https:\/\/lfiduras.com\/lfiduras\/wp-content\/uploads\/2023\/06\/2023-2024-decision25-droits-a-acquitter-par-les-familles.pdf\">D\u00e9cision N\u00b025\/LFIMD\/2023 &#8211; Relative aux droits \u00e0 acquitter par les familles.<\/a><\/p>\n\n\n\n<p><a href=\"https:\/\/lfiduras.com\/lfiduras\/wp-content\/uploads\/2023\/06\/2023-decision24-tarif-yearbook.pdf\">D\u00e9cision n\u00b024\/LFIMD\/2023 &#8211; Relative aux droits \u00e0 acquitter par les familles<\/a><\/p>\n\n\n\n<p><a href=\"https:\/\/lfiduras.com\/lfiduras\/wp-content\/uploads\/2023\/05\/Decision_433-14_LF_HCMV_DS_2023-2024-MODIFIEE-signee.pdf\">D\u00e9cision n\u00b014 modifi\u00e9e \/2430002G\/2022 \u2013 Relative aux droits \u00e0 acquitter par les familles.<\/a><\/p>\n\n\n\n<p><a href=\"https:\/\/lfiduras.com\/lfiduras\/wp-content\/uploads\/2023\/03\/2023-decision-18-prise-en-charge-visa-run.pdf\">D\u00e9cision n\u00b018\/2430002G\/2022 &#8211; Relative aux conditions de r\u00e9mun\u00e9ration des personnels en contrat local.<\/a><\/p>\n\n\n\n<p><a href=\"https:\/\/lfiduras.com\/lfiduras\/wp-content\/uploads\/2023\/03\/2023-decision-17-prise-en-charge-amendes.pdf\">D\u00e9cision n\u00b017\/2430002G\/2022 &#8211; Relative aux conditions de r\u00e9mun\u00e9ration des personnels en contrat local.<\/a><\/p>\n\n\n\n<p><a href=\"https:\/\/lfiduras.com\/lfiduras\/wp-content\/uploads\/2023\/02\/2023-decision-22-voyjakarta.pdf\">D\u00e9cision n\u00b022 \/ LFIMD \/ 20203 &#8211; Relative aux droits \u00e0 acquitter par les familles.<\/a><\/p>\n\n\n\n<p><a href=\"https:\/\/lfiduras.com\/lfiduras\/wp-content\/uploads\/2023\/02\/2023-decision-collective-caisse-de-solidarite9-2-23.pdf\">D\u00e9cision n\u00b021 \/ LFIMD \/ 2023 &#8211; Relative aux dons attribu\u00e9s au titre de la caisse de solidarit\u00e9.<\/a><\/p>\n\n\n\n<p><a href=\"https:\/\/lfiduras.com\/lfiduras\/wp-content\/uploads\/2023\/01\/Decision-17.pdf\">D\u00e9cision n\u00b017\/LFIMD\/20202 &#8211; Relative aux droits \u00e0 acquitter par les familles<\/a><\/p>\n\n\n\n<p><a href=\"https:\/\/lfiduras.com\/lfiduras\/wp-content\/uploads\/2022\/11\/Decision_1052-14_LF_HCMV_DS_2023-2024-signee.pdf\">D\u00e9cision n\u00b014\/2430002G\/2022 &#8211; Relative aux droits \u00e0 acquitter par les familles pour l&#8217;ann\u00e9e 2023-2024<\/a><\/p>\n\n\n\n<p><a href=\"https:\/\/lfiduras.com\/lfiduras\/wp-content\/uploads\/2022\/09\/2022-decision-12-droits-a-acquitter-familles-1.pdf\">D\u00e9cision n\u00b0 12\/LFIMD\/2022 &#8211; Relative aux droits \u00e0 acquitter par les familles pour l&#8217;ann\u00e9e 2022-2023<\/a><\/p>\n\n\n\n<p><a href=\"https:\/\/lfiduras.com\/lfiduras\/wp-content\/uploads\/2022\/06\/2021-decision-14.pdf\">D\u00e9cision 14 du 21\/12\/2021 \u2013 Relative \u00e0 la prise en charge de frais pour les personnels non vietnamiens<\/a><\/p>\n\n\n\n<p><a href=\"https:\/\/lfiduras.com\/lfiduras\/wp-content\/uploads\/2022\/06\/Decision-n\u00b0082430002G2021-Relative-aux-droits-a-acquitter-par-les-familles-pour-lannee-2022-2023.pdf\">D\u00e9cision n\u00b008\/2430002G\/2021 &#8211; Relative aux droits \u00e0 acquitter par les familles pour l&#8217;ann\u00e9e 2022-2023<\/a><\/p>\n","protected":false},"excerpt":{"rendered":"<p>En application \u00e0 la&nbsp;d\u00e9lib\u00e9ration N\u00b005\/2021&nbsp;concernant les modalit\u00e9s de publicit\u00e9 des actes de l\u2019Agence pour l\u2019Enseignement Fran\u00e7ais \u00e0 l\u2019Etranger (AEFE) dans les Etablissements en Gestion Directe (EGD), les actes suivants font l\u2019objet d\u2019un affichage dans nos locaux et d\u2019une publication sur notre site internet : &#8211; les d\u00e9cisions relatives au montant des frais de scolarit\u00e9,&#8211; les [&hellip;]<\/p>\n","protected":false},"author":2,"featured_media":0,"parent":0,"menu_order":0,"comment_status":"closed","ping_status":"closed","template":"","meta":{"footnotes":""},"class_list":["post-1089","page","type-page","status-publish","hentry","post"],"_links":{"self":[{"href":"https:\/\/lfiduras.com\/index.php\/wp-json\/wp\/v2\/pages\/1089","targetHints":{"allow":["GET"]}}],"collection":[{"href":"https:\/\/lfiduras.com\/index.php\/wp-json\/wp\/v2\/pages"}],"about":[{"href":"https:\/\/lfiduras.com\/index.php\/wp-json\/wp\/v2\/types\/page"}],"author":[{"embeddable":true,"href":"https:\/\/lfiduras.com\/index.php\/wp-json\/wp\/v2\/users\/2"}],"replies":[{"embeddable":true,"href":"https:\/\/lfiduras.com\/index.php\/wp-json\/wp\/v2\/comments?post=1089"}],"version-history":[{"count":38,"href":"https:\/\/lfiduras.com\/index.php\/wp-json\/wp\/v2\/pages\/1089\/revisions"}],"predecessor-version":[{"id":6806,"href":"https:\/\/lfiduras.com\/index.php\/wp-json\/wp\/v2\/pages\/1089\/revisions\/6806"}],"wp:attachment":[{"href":"https:\/\/lfiduras.com\/index.php\/wp-json\/wp\/v2\/media?parent=1089"}],"curies":[{"name":"wp","href":"https:\/\/api.w.org\/{rel}","templated":true}]}}