{"id":1367,"date":"2022-05-10T05:14:23","date_gmt":"2022-05-10T03:14:23","guid":{"rendered":"https:\/\/lfiduras.com\/?page_id=1367"},"modified":"2023-12-18T15:47:06","modified_gmt":"2023-12-18T08:47:06","slug":"cine-club","status":"publish","type":"page","link":"https:\/\/lfiduras.com\/index.php\/cine-club\/","title":{"rendered":"Cin\u00e9 club"},"content":{"rendered":"\n<p><\/p>\n\n\n\n<p>L&#8217;inscription au cin\u00e9club est gratuite et non contraignante, c\u2019est-\u00e0-dire qu\u2019elle n\u2019oblige pas l\u2019\u00e9l\u00e8ve inscrit \u00e0 venir \u00e0 toutes les s\u00e9ances. Si l\u2019\u00e9l\u00e8ve ne vient pas \u00e0 une s\u00e9ance, la famille voudra bien pr\u00e9venir la Vie Scolaire.<\/p>\n\n\n\n<p>Le programme est consultable par voie d\u2019affichage ou sur le site du lyc\u00e9e.<br>Les \u00e9l\u00e8ves int\u00e9ress\u00e9s peuvent venir retirer une carte d\u2019inscription au Bureau des Surveillants.<br><br><strong>Cycle &#8220;Fant\u00f4mes&#8221;<\/strong> au programme de cette nouvelle p\u00e9riode (mercredis 12 &amp; 19 avril, 10 mai).<\/p>\n\n\n\n<figure class=\"wp-block-image size-full\"><img fetchpriority=\"high\" decoding=\"async\" width=\"631\" height=\"857\" src=\"https:\/\/lfiduras.com\/lfiduras\/wp-content\/uploads\/2023\/04\/Cycle-fantome.jpg\" alt=\"\" class=\"wp-image-4076\" srcset=\"https:\/\/lfiduras.com\/lfiduras\/wp-content\/uploads\/2023\/04\/Cycle-fantome.jpg 631w, https:\/\/lfiduras.com\/lfiduras\/wp-content\/uploads\/2023\/04\/Cycle-fantome-221x300.jpg 221w\" sizes=\"(max-width: 631px) 100vw, 631px\" \/><\/figure>\n\n\n\n<hr class=\"wp-block-separator has-alpha-channel-opacity\"\/>\n\n\n\n<h5 class=\"wp-block-heading\"><\/h5>\n\n\n\n<p><\/p>\n\n\n\n<p><\/p>\n\n\n\n<p><\/p>\n\n\n\n<p><\/p>\n","protected":false},"excerpt":{"rendered":"<p>L&#8217;inscription au cin\u00e9club est gratuite et non contraignante, c\u2019est-\u00e0-dire qu\u2019elle n\u2019oblige pas l\u2019\u00e9l\u00e8ve inscrit \u00e0 venir \u00e0 toutes les s\u00e9ances. Si l\u2019\u00e9l\u00e8ve ne vient pas \u00e0 une s\u00e9ance, la famille voudra bien pr\u00e9venir la Vie Scolaire. Le programme est consultable par voie d\u2019affichage ou sur le site du lyc\u00e9e.Les \u00e9l\u00e8ves int\u00e9ress\u00e9s peuvent venir retirer une [&hellip;]<\/p>\n","protected":false},"author":2,"featured_media":0,"parent":0,"menu_order":0,"comment_status":"closed","ping_status":"closed","template":"","meta":{"footnotes":""},"class_list":["post-1367","page","type-page","status-publish","hentry","post"],"_links":{"self":[{"href":"https:\/\/lfiduras.com\/index.php\/wp-json\/wp\/v2\/pages\/1367","targetHints":{"allow":["GET"]}}],"collection":[{"href":"https:\/\/lfiduras.com\/index.php\/wp-json\/wp\/v2\/pages"}],"about":[{"href":"https:\/\/lfiduras.com\/index.php\/wp-json\/wp\/v2\/types\/page"}],"author":[{"embeddable":true,"href":"https:\/\/lfiduras.com\/index.php\/wp-json\/wp\/v2\/users\/2"}],"replies":[{"embeddable":true,"href":"https:\/\/lfiduras.com\/index.php\/wp-json\/wp\/v2\/comments?post=1367"}],"version-history":[{"count":17,"href":"https:\/\/lfiduras.com\/index.php\/wp-json\/wp\/v2\/pages\/1367\/revisions"}],"predecessor-version":[{"id":5707,"href":"https:\/\/lfiduras.com\/index.php\/wp-json\/wp\/v2\/pages\/1367\/revisions\/5707"}],"wp:attachment":[{"href":"https:\/\/lfiduras.com\/index.php\/wp-json\/wp\/v2\/media?parent=1367"}],"curies":[{"name":"wp","href":"https:\/\/api.w.org\/{rel}","templated":true}]}}