{"id":173,"date":"2021-02-23T09:47:06","date_gmt":"2021-02-23T08:47:06","guid":{"rendered":"https:\/\/lfiduras.com\/?page_id=173"},"modified":"2025-10-14T15:29:15","modified_gmt":"2025-10-14T08:29:15","slug":"les-instances","status":"publish","type":"page","link":"https:\/\/lfiduras.com\/index.php\/les-instances\/","title":{"rendered":"Instances et \u00e9lections"},"content":{"rendered":"\n<p>Le&nbsp;<strong><em>Lyc\u00e9e Fran\u00e7ais International Marguerite Duras de H\u00f4 Chi Minh-Ville&nbsp;<\/em>, <\/strong>\u00e9tablissement public homologu\u00e9 par le Minist\u00e8re fran\u00e7ais de l\u2019\u00c9ducation Nationale, <em>est un \u00e9tablissement en gestion directe (EGD).<\/em><br>De nombreuses instances sont n\u00e9cessaires \u00e0 son fonctionnement.<\/p>\n\n\n\n<div style=\"height:21px\" aria-hidden=\"true\" class=\"wp-block-spacer\"><\/div>\n\n\n\n<p><strong>R\u00e9sultats des \u00e9lections pour l&#8217;ann\u00e9e scolaire 2025-2026:<br><\/strong><a href=\"https:\/\/lfiduras.com\/lfiduras\/wp-content\/uploads\/2025\/10\/PV-elections-CE-2nd-2025-26.pdf\">&#8211; Repr\u00e9sentants des personnels du 2nd degr\u00e9 au Conseil d&#8217;\u00e9tablissement<br><\/a><a href=\"https:\/\/lfiduras.com\/lfiduras\/wp-content\/uploads\/2025\/10\/PV-elections-CE-1er-2025-26.pdf\">&#8211; Repr\u00e9sentants des personnels du 1er degr\u00e9 au Conseil d&#8217;\u00e9tablissement<br><\/a><a href=\"https:\/\/lfiduras.com\/lfiduras\/wp-content\/uploads\/2025\/10\/PV-elections-CE-ATOS-2025-26.pdf\">&#8211; Repr\u00e9sentants des personnels ATOSS au Conseil d&#8217;\u00e9tablissement<br><\/a><a href=\"https:\/\/lfiduras.com\/lfiduras\/wp-content\/uploads\/2025\/10\/PV-elections-parents-conseil-ecole.pdf\">&#8211; Repr\u00e9sentants des parents d&#8217;\u00e9l\u00e8ves au Conseil d&#8217;\u00e9tablissement<br><\/a><a href=\"https:\/\/lfiduras.com\/lfiduras\/wp-content\/uploads\/2025\/10\/PV-elections-CDS-2025-26.pdf\">&#8211; Repr\u00e9sentants des personnels \u00e0 la commission de dialogue social<br><\/a><br><\/p>\n\n\n\n<hr class=\"wp-block-separator has-alpha-channel-opacity is-style-dots\"\/>\n\n\n\n<div style=\"height:21px\" aria-hidden=\"true\" class=\"wp-block-spacer\"><\/div>\n\n\n\n<p><strong>R\u00e9sultats des \u00e9lections pour l&#8217;ann\u00e9e scolaire 2024-2025:<br><\/strong><a href=\"https:\/\/lfiduras.com\/lfiduras\/wp-content\/uploads\/2024\/11\/PV-CE-2nd-degre.pdf\">&#8211; Repr\u00e9sentants des personnels du 2nd degr\u00e9 au Conseil d&#8217;\u00e9tablissement<br><\/a><a href=\"https:\/\/lfiduras.com\/lfiduras\/wp-content\/uploads\/2024\/11\/PV-CE-1er-degre.pdf\">&#8211; Repr\u00e9sentants des personnels du 1er degr\u00e9 au Conseil d&#8217;\u00e9tablissement<br><\/a><a href=\"https:\/\/lfiduras.com\/lfiduras\/wp-content\/uploads\/2024\/11\/PC-CE-ATTOSS.pdf\">&#8211; Repr\u00e9sentants des personnels ATOSS au Conseil d&#8217;\u00e9tablissement<br><\/a><a href=\"https:\/\/lfiduras.com\/lfiduras\/wp-content\/uploads\/2024\/12\/parents_eleves7.png\">&#8211; Repr\u00e9sentants des parents d&#8217;\u00e9l\u00e8ves au Conseil d&#8217;\u00e9tablissement<br><\/a><a href=\"https:\/\/lfiduras.com\/lfiduras\/wp-content\/uploads\/2024\/11\/PV-DS-.pdf\">&#8211; Repr\u00e9sentants des personnels \u00e0 la commission de dialogue social<br><\/a><br><br><em>Mise \u00e0 jour de la liste des commissions apr\u00e8s le conseil d&#8217;\u00e9tablissement<\/em> du 19 novembre 2024 &#8211;<\/p>\n\n\n\n<div class=\"wp-block-buttons is-layout-flex wp-block-buttons-is-layout-flex\">\n<div class=\"wp-block-button\"><a class=\"wp-block-button__link wp-element-button\" href=\"https:\/\/lfiduras.com\/index.php\/conseil-detablissement\/\">Conseil d&#8217;\u00e9tablissement<\/a><\/div>\n\n\n\n<div class=\"wp-block-button\"><a class=\"wp-block-button__link wp-element-button\" href=\"https:\/\/lfiduras.com\/index.php\/conseil-decole-et-comptes-rendus\/\">Conseil d&#8217;\u00e9cole<\/a><\/div>\n\n\n\n<div class=\"wp-block-button\"><a class=\"wp-block-button__link wp-element-button\" href=\"https:\/\/lfiduras.com\/lfiduras\/wp-content\/uploads\/2024\/12\/Composition-du-CONSEIL-DU-SECOND-DEGRE-2024-2025.pdf\">Conseil du 2nd degr\u00e9<\/a><\/div>\n\n\n\n<div class=\"wp-block-button\"><a class=\"wp-block-button__link wp-element-button\" href=\"https:\/\/lfiduras.com\/index.php\/conseil-pedagogique\/\">Conseil p\u00e9dagogique<\/a><\/div>\n\n\n\n<div class=\"wp-block-button\"><a class=\"wp-block-button__link wp-element-button\" href=\"https:\/\/lfiduras.com\/index.php\/cvlc\/\">Conseil des d\u00e9l\u00e9gu\u00e9s CVLC<\/a><\/div>\n\n\n\n<div class=\"wp-block-button\"><a class=\"wp-block-button__link wp-element-button\" href=\"https:\/\/lfiduras.com\/index.php\/conseil-de-discipline\/\">Conseil de discipline<\/a><\/div>\n\n\n\n<div class=\"wp-block-button\"><a class=\"wp-block-button__link wp-element-button\" href=\"https:\/\/lfiduras.com\/index.php\/commission-hygiene-et-securite-de-la-communaute-scolaire\/\">Commission hygi\u00e8ne et s\u00e9curit\u00e9 de la communaut\u00e9 scolaire<\/a><\/div>\n\n\n\n<div class=\"wp-block-button\"><a class=\"wp-block-button__link wp-element-button\" href=\"https:\/\/lfiduras.com\/index.php\/commission-cantine\/\">Commission cantine<\/a><\/div>\n\n\n\n<div class=\"wp-block-button\"><a class=\"wp-block-button__link wp-element-button\" href=\"https:\/\/lfiduras.com\/index.php\/conseil-ecole-college\/\">Conseil \u00e9cole-coll\u00e8ge<\/a><\/div>\n\n\n\n<div class=\"wp-block-button\"><a class=\"wp-block-button__link wp-element-button\" href=\"https:\/\/lfiduras.com\/index.php\/cellule-de-pilotage-de-la-formation-continue\/\">Cellule de pilotage de la formation continue<\/a><\/div>\n\n\n\n<div class=\"wp-block-button\"><a class=\"wp-block-button__link wp-element-button\" href=\"https:\/\/lfiduras.com\/index.php\/commission-relative-a-lhygiene-a-la-securite-et-aux-conditions-de-travail-du-personnel\/\">Commission relative \u00e0 l&#8217;hygi\u00e8ne et \u00e0 la s\u00e9curit\u00e9 du personnel<\/a><\/div>\n\n\n\n<div class=\"wp-block-button\"><a class=\"wp-block-button__link wp-element-button\" href=\"https:\/\/lfiduras.com\/index.php\/composition-du-conseil-de-la-section-internationale-britannique\/\">Conseil de la Section Internationale<\/a><\/div>\n\n\n\n<div class=\"wp-block-button\"><a class=\"wp-block-button__link wp-element-button\" href=\"https:\/\/lfiduras.com\/index.php\/commission-des-rythmes-scolaires\/\">Commission des rythmes scolaires<\/a><\/div>\n\n\n\n<div class=\"wp-block-button\"><a class=\"wp-block-button__link wp-element-button\" href=\"https:\/\/lfiduras.com\/lfiduras\/wp-content\/uploads\/2024\/12\/Composition-Caisse-de-solidarite-2024-2025-2.pdf\">Caisse de solidarit\u00e9<\/a><\/div>\n<\/div>\n\n\n\n<p>Retrouvez <a href=\"https:\/\/lfiduras.com\/lfiduras\/wp-content\/uploads\/2024\/11\/Compisition-du-conseil-2024-2025.pdf\"> l&#8217;ensemble des commissions<\/a> pour l&#8217;ann\u00e9e scolaire 2024\/2025 dans un seul document.<\/p>\n\n\n\n<p>&nbsp;<\/p>\n\n\n\n<hr class=\"wp-block-separator has-alpha-channel-opacity\"\/>\n\n\n\n<p>&nbsp;<\/p>\n\n\n\n<p>&nbsp;<\/p>\n\n\n\n<p>&nbsp;<\/p>\n\n\n\n<p>&nbsp;<\/p>\n","protected":false},"excerpt":{"rendered":"<p>Le&nbsp;Lyc\u00e9e Fran\u00e7ais International Marguerite Duras de H\u00f4 Chi Minh-Ville&nbsp;, \u00e9tablissement public homologu\u00e9 par le Minist\u00e8re fran\u00e7ais de l\u2019\u00c9ducation Nationale, est un \u00e9tablissement en gestion directe (EGD).De nombreuses instances sont n\u00e9cessaires \u00e0 son fonctionnement. R\u00e9sultats des \u00e9lections pour l&#8217;ann\u00e9e scolaire 2025-2026:&#8211; Repr\u00e9sentants des personnels du 2nd degr\u00e9 au Conseil d&#8217;\u00e9tablissement&#8211; Repr\u00e9sentants des personnels du 1er degr\u00e9 [&hellip;]<\/p>\n","protected":false},"author":2,"featured_media":0,"parent":0,"menu_order":0,"comment_status":"closed","ping_status":"closed","template":"","meta":{"footnotes":""},"class_list":["post-173","page","type-page","status-publish","hentry","post"],"_links":{"self":[{"href":"https:\/\/lfiduras.com\/index.php\/wp-json\/wp\/v2\/pages\/173","targetHints":{"allow":["GET"]}}],"collection":[{"href":"https:\/\/lfiduras.com\/index.php\/wp-json\/wp\/v2\/pages"}],"about":[{"href":"https:\/\/lfiduras.com\/index.php\/wp-json\/wp\/v2\/types\/page"}],"author":[{"embeddable":true,"href":"https:\/\/lfiduras.com\/index.php\/wp-json\/wp\/v2\/users\/2"}],"replies":[{"embeddable":true,"href":"https:\/\/lfiduras.com\/index.php\/wp-json\/wp\/v2\/comments?post=173"}],"version-history":[{"count":62,"href":"https:\/\/lfiduras.com\/index.php\/wp-json\/wp\/v2\/pages\/173\/revisions"}],"predecessor-version":[{"id":8850,"href":"https:\/\/lfiduras.com\/index.php\/wp-json\/wp\/v2\/pages\/173\/revisions\/8850"}],"wp:attachment":[{"href":"https:\/\/lfiduras.com\/index.php\/wp-json\/wp\/v2\/media?parent=173"}],"curies":[{"name":"wp","href":"https:\/\/api.w.org\/{rel}","templated":true}]}}