{"id":202,"date":"2021-03-09T09:46:49","date_gmt":"2021-03-09T08:46:49","guid":{"rendered":"https:\/\/lfiduras.com\/?page_id=202"},"modified":"2021-06-24T10:56:36","modified_gmt":"2021-06-24T08:56:36","slug":"zap","status":"publish","type":"page","link":"https:\/\/lfiduras.com\/index.php\/zap\/","title":{"rendered":"Zone Asie Pacifique"},"content":{"rendered":"\n<div class=\"wp-block-image\"><figure class=\"alignright size-large is-resized\"><a href=\"http:\/\/www.aefe-asie.net\/\"><img fetchpriority=\"high\" decoding=\"async\" src=\"https:\/\/lfiduras.com\/lfiduras\/wp-content\/uploads\/2021\/05\/zoneasiepaicfiquetrs.png\" alt=\"\" class=\"wp-image-369\" width=\"319\" height=\"319\" srcset=\"https:\/\/lfiduras.com\/lfiduras\/wp-content\/uploads\/2021\/05\/zoneasiepaicfiquetrs.png 225w, https:\/\/lfiduras.com\/lfiduras\/wp-content\/uploads\/2021\/05\/zoneasiepaicfiquetrs-150x150.png 150w\" sizes=\"(max-width: 319px) 100vw, 319px\" \/><\/a><\/figure><\/div>\n\n\n\n<p>Dans la <a href=\"http:\/\/www.aefe-asie.net\/\">Zone Asie-Pacifique<\/a>, 21.000 \u00e9l\u00e8ves sont scolaris\u00e9s de Port-Vila \u00e0 Rangoun et de Sydney \u00e0 Oulan-Bator, dans 37 \u00e9tablissements situ\u00e9s en Asie et dans le Pacifique. En croissance constante dans une zone fortement concurrentielle par son nombre d\u2019\u00e9tablissements internationaux, la zone Asie-Pacifique, complexe par sa diversit\u00e9, vari\u00e9e sur le plan g\u00e9ographique, politique, \u00e9conomique, religieux et culturel, est une zone dynamique marqu\u00e9e par un fort taux d\u2019expatriation.<\/p>\n\n\n\n<p>La zone Asie-Pacifique se d\u00e9marque par son dynamisme au travers de nombreux projets inter-\u00e9tablissements. Ce sont pr\u00e8s d\u2019une cinquantaine de projets qui sont men\u00e9s chaque ann\u00e9es autour de th\u00e8mes culturels, scientifiques ou sportifs.<\/p>\n\n\n\n<p>Tournois de football, rugby, basketball ou badminton, comp\u00e9tition de natation, rencontres autour du livre et avec des auteurs, webradio\u2026 Les occasions de se rencontrer, partager nos valeurs et d\u00e9velopper notre r\u00e9seau sont nombreuses.<\/p>\n\n\n\n<p>Chaque ann\u00e9e scolaire, ce sont pr\u00e8s de 7000 \u00e9l\u00e8ves qui participent \u00e0 un projet de zone\/monde.<\/p>\n","protected":false},"excerpt":{"rendered":"<p>Dans la Zone Asie-Pacifique, 21.000 \u00e9l\u00e8ves sont scolaris\u00e9s de Port-Vila \u00e0 Rangoun et de Sydney \u00e0 Oulan-Bator, dans 37 \u00e9tablissements situ\u00e9s en Asie et dans le Pacifique. En croissance constante dans une zone fortement concurrentielle par son nombre d\u2019\u00e9tablissements internationaux, la zone Asie-Pacifique, complexe par sa diversit\u00e9, vari\u00e9e sur le plan g\u00e9ographique, politique, \u00e9conomique, religieux [&hellip;]<\/p>\n","protected":false},"author":2,"featured_media":0,"parent":0,"menu_order":0,"comment_status":"closed","ping_status":"closed","template":"","meta":{"footnotes":""},"class_list":["post-202","page","type-page","status-publish","hentry","post"],"_links":{"self":[{"href":"https:\/\/lfiduras.com\/index.php\/wp-json\/wp\/v2\/pages\/202","targetHints":{"allow":["GET"]}}],"collection":[{"href":"https:\/\/lfiduras.com\/index.php\/wp-json\/wp\/v2\/pages"}],"about":[{"href":"https:\/\/lfiduras.com\/index.php\/wp-json\/wp\/v2\/types\/page"}],"author":[{"embeddable":true,"href":"https:\/\/lfiduras.com\/index.php\/wp-json\/wp\/v2\/users\/2"}],"replies":[{"embeddable":true,"href":"https:\/\/lfiduras.com\/index.php\/wp-json\/wp\/v2\/comments?post=202"}],"version-history":[{"count":8,"href":"https:\/\/lfiduras.com\/index.php\/wp-json\/wp\/v2\/pages\/202\/revisions"}],"predecessor-version":[{"id":731,"href":"https:\/\/lfiduras.com\/index.php\/wp-json\/wp\/v2\/pages\/202\/revisions\/731"}],"wp:attachment":[{"href":"https:\/\/lfiduras.com\/index.php\/wp-json\/wp\/v2\/media?parent=202"}],"curies":[{"name":"wp","href":"https:\/\/api.w.org\/{rel}","templated":true}]}}