{"id":401,"date":"2021-05-19T08:30:05","date_gmt":"2021-05-19T06:30:05","guid":{"rendered":"https:\/\/lfiduras.com\/?page_id=401"},"modified":"2024-01-29T14:45:16","modified_gmt":"2024-01-29T07:45:16","slug":"lycee-numerique","status":"publish","type":"page","link":"https:\/\/lfiduras.com\/index.php\/lycee-numerique\/","title":{"rendered":"Lyc\u00e9e num\u00e9rique"},"content":{"rendered":"\n<p><\/p>\n\n\n<div class=\"wp-block-image\">\n<figure class=\"alignright size-large is-resized\"><img decoding=\"async\" src=\"https:\/\/lfiduras.com\/lfiduras\/wp-content\/uploads\/2022\/05\/Lyceenumerique.jpg\" alt=\"\" class=\"wp-image-1321\" width=\"-232\" height=\"-110\" srcset=\"https:\/\/lfiduras.com\/lfiduras\/wp-content\/uploads\/2022\/05\/Lyceenumerique.jpg 660w, https:\/\/lfiduras.com\/lfiduras\/wp-content\/uploads\/2022\/05\/Lyceenumerique-300x142.jpg 300w\" sizes=\"(max-width: 660px) 100vw, 660px\" \/><\/figure><\/div>\n\n\n<p>A partir de la classe de seconde, chaque \u00e9l\u00e8ve doit apporter son ordinateur portable au lyc\u00e9e.<br>Cette politique a permis aux \u00e9l\u00e8ves d\u2019\u00eatre pr\u00e9par\u00e9s aux cours \u00e0 distances mises en place avec la crise du covid-19.<\/p>\n\n\n\n<h5 class=\"wp-block-heading\">Pr\u00e9sentation<\/h5>\n\n\n\n<p>Depuis 2012 le LFIDuras s\u2019est engag\u00e9 dans le dispositif de Lyc\u00e9e num\u00e9rique. Mis au service de la r\u00e9ussite de l\u2019\u00e9l\u00e8ve, le num\u00e9rique \u00e9ducatif vise \u00e0 r\u00e9pondre \u00e0 des exigences p\u00e9dagogiques li\u00e9es aux \u00e9volutions des modes d\u2019apprentissage des \u00e9l\u00e8ves, \u00e0 la multiplication des sources d\u2019acc\u00e8s aux connaissances, qui ne signifient pas n\u00e9cessairement acc\u00e8s au savoir, au d\u00e9veloppement de l\u2019activit\u00e9 personnelle en ligne et bien s\u00fbr aux transformations technologiques qui participent de la r\u00e9volution num\u00e9rique en cours.<br>Il s\u2019agit de pr\u00e9parer les \u00e9l\u00e8ves au monde num\u00e9rique qui est celui de leur projet d\u2019\u00e9tude et, plus tard, de leur cadre de travail. Pour reprendre l\u2019approche des humanit\u00e9s num\u00e9riques, il s\u2019agit de d\u00e9velopper une culture num\u00e9rique qui participe aussi \u00e0 la construction du citoyen de notre si\u00e8cle, tout en r\u00e9pondant aux exigences d\u2019un certain nombre de programmes.<br>Le num\u00e9rique \u00e9ducatif permet de d\u00e9velopper le travail en commun, l\u2019acc\u00e8s et le traitement des ressources en ligne, l\u2019inclusion et de valoriser la compr\u00e9hension des diff\u00e9rents m\u00e9dias.<br>Mais il apporte une dimension suppl\u00e9mentaire pour acqu\u00e9rir des comp\u00e9tences transversales d\u00e9sormais indispensables :<\/p>\n\n\n\n<ul class=\"wp-block-list\"><li>la construction autonome du savoir et des comp\u00e9tences<\/li><li>le travail collaboratif<\/li><li>la cr\u00e9ativit\u00e9<\/li><li>la r\u00e9solution de probl\u00e8mes complexes<\/li><li>l\u2019esprit critique<\/li><li>la communication<\/li><li>la curiosit\u00e9<\/li><li>un comportement responsable et citoyen<\/li><\/ul>\n\n\n\n<h5 class=\"wp-block-heading\">L\u2019engagement de l\u2019\u00e9l\u00e8ve et des familles<\/h5>\n\n\n\n<p>L\u2019\u00e9l\u00e8ve inscrit au lyc\u00e9e au LFIDuras doit venir en cours avec un ordinateur portable personnel fonctionnel. Il est attendu un syst\u00e8me d\u2019exploitation parmi : GNU\/Linux, Windows, MacOS (<em>Mac d\u00e9conseill\u00e9s<\/em>). Le service informatique ne peut en aucun cas assurer la maintenance des ordinateurs personnels.<br>Les tablettes et Chromebook, ainsi que les syst\u00e8mes d\u2019exploitation Android et iOS, ne permettent pas de s\u2019inscrire dans le projet p\u00e9dagogique et ne sont donc pas accept\u00e9s.<br>\u00c0 noter : pour certains enseignements comme NSI, le syst\u00e8me d\u2019exploitation Windows est recommand\u00e9.<br>Certains logiciels doivent \u00eatre install\u00e9s. Dans la mesure du possible, et notamment pour favoriser l\u2019interop\u00e9rabilit\u00e9, il s\u2019agit de logiciels libres. \u00c0 aucun moment il ne sera demand\u00e9 de payer pour un programme.<\/p>\n\n\n\n<p>Liste des logiciels \u00e0 installer (leur derni\u00e8re version est recommand\u00e9e) :<\/p>\n\n\n\n<ul class=\"wp-block-list\"><li>Bureautique : LibreOffice, Microsoft Office<\/li><li>Navigation web : Firefox (avec les extensions uBlock Origin pour bloquer les publicit\u00e9s et Decentraleyes et Disconnect pour limiter le tracking ; un moteur de recherche non intrusif par d\u00e9faut comme Qwant ou DuckDuckGo). Chrome est d\u00e9conseill\u00e9 car il traque l\u2019utilisateur via son identifiant d\u2019installation et n\u2019est donc pas conforme au RGPD.<\/li><li>Enregistrement : Audacity<\/li><li>Traitement de l\u2019image : Gimp<\/li><li>Traitement vid\u00e9o<\/li><li>Cartes mentale : Freemind<\/li><li>Gestion des mots de passe : KeePass<\/li><li>Globe virtuel : GoogleEarth<\/li><\/ul>\n\n\n\n<p><\/p>\n\n\n\n<ul class=\"wp-block-list\"><li><strong>Chaque \u00e9l\u00e8ve s\u2019engage \u00e0 respecter les points suivants<\/strong>&nbsp;:<br>1. Dans tous les cas, on doit se conformer aux usages p\u00e9dagogiques selon les consignes de l\u2019\u00e9quipe \u00e9ducative. On n\u2019utilisera que les logiciels et sites web explicitement d\u00e9sign\u00e9s par les enseignants.<br>2. En aucun cas le mat\u00e9riel num\u00e9rique ne peut \u00eatre utilis\u00e9 \u00e0 des fins distractives, quelles qu\u2019elles soient, notamment durant les temps de cours.<br>3. L\u2019acquisition ou le visionnage de produits m\u00e9diatiques prot\u00e9g\u00e9s par le droit d\u2019auteur, notamment par l\u2019usage de logiciels de t\u00e9l\u00e9chargements de type P2P ou le streaming, est strictement interdit.<br>4. Il ne sera pas fait usage de pratiques visant \u00e0 contourner les logiques et logiciels de contr\u00f4le ou pouvant nuire \u00e0 la s\u00e9curit\u00e9 des syst\u00e8mes informatiques de l\u2019\u00e9tablissement<\/li><\/ul>\n\n\n\n<p><\/p>\n\n\n\n<p><\/p>\n\n\n\n<ul class=\"wp-block-list\"><li><strong>L\u2019engagement du LFIDuras<\/strong><br>Chaque \u00e9l\u00e8ve est pourvu :<\/li><li>d\u2019une adresse mail professionnelle<\/li><li>d\u2019un bureau itin\u00e9rant au sein de l\u2019\u00e9tablissement<\/li><li>d\u2019un espace de stockage en ligne<\/li><li>d\u2019un acc\u00e8s au wi-fi de l\u2019\u00e9tablissement<\/li><li>en fonction des disciplines et dans la mesure du possible : de manuels num\u00e9riques En cours de cycle, chaque \u00e9l\u00e8ve participe \u00e0 la certification PIX des comp\u00e9tences num\u00e9riques.<\/li><\/ul>\n\n\n\n<h5 class=\"wp-block-heading\">La communication<\/h5>\n\n\n\n<p><strong>La communication entre l\u2019\u00e9l\u00e8ve, ses pairs et ses enseignants se fait<\/strong><\/p>\n\n\n\n<ul class=\"wp-block-list\"><li>en respectant les conventions d\u2019usages dans les courriels et autres canaux comme Pronote, et en respectant certains horaires et cr\u00e9neaux temporels qui seront pr\u00e9cis\u00e9s en d\u00e9but d\u2019ann\u00e9e et dans la Charte Informatique.<\/li><li>par des fichiers interop\u00e9rables, c\u2019est-\u00e0-dire aux formats les plus ouverts possibles pour \u00eatre lus et exploit\u00e9s par diff\u00e9rents logiciels. Les principaux formats garantissant l\u2019interop\u00e9rabilit\u00e9 sont les suivants :<br>\u25e6 lecture et impression : PDF<br>\u25e6 travail d\u2019\u00e9criture : odt, txt, doc<br>\u25e6 feuille de calcul : csv, ods, xls<br>\u25e6 diaporama : odp, ppw \u25e6 image : png, jpg<br>\u25e6 travail sur l\u2019image : svg, xcf<br>\u25e6 son : odd, mp3<br>\u25e6 vid\u00e9o : ogg, avi, mp4<\/li><\/ul>\n\n\n\n<p><strong>\u00c0 noter :<\/strong><\/p>\n\n\n\n<ul class=\"wp-block-list\"><li>La mise en page d\u2019un document varie d\u2019un ordinateur\/syst\u00e8me\/logiciel \u00e0 l\u2019autre. Il est imp\u00e9ratif d\u2019en tenir compte. Ainsi, l\u2019envoi d\u2019un fichier (texte, diaporama) destin\u00e9 \u00e0 la consultation doit \u00eatre r\u00e9alis\u00e9 en PDF. Si on travaille en commun sur un document de bureautique, il ne faut pas oublier que des variations de mise en page peuvent appara\u00eetre.<\/li><li>Il faut bien distinguer les formats doc et xls d\u2019un c\u00f4t\u00e9, et docx et xlsx produits par Microsoft Office. docx et xlsx sont des formats peu interop\u00e9rables qui produisent des erreurs d\u2019interpr\u00e9tation. Les formats doc et xls sont donc pr\u00e9f\u00e9r\u00e9s.Respect de la vie priv\u00e9e dans le cadre du RGPD<br>Le LFIDuras s\u2019est engag\u00e9 dans la mise en place du R\u00e8glement europ\u00e9en pour la protection des donn\u00e9es. \u00c0 ce titre, les informations collect\u00e9es respectent les registre<\/li><\/ul>\n","protected":false},"excerpt":{"rendered":"<p>A partir de la classe de seconde, chaque \u00e9l\u00e8ve doit apporter son ordinateur portable au lyc\u00e9e.Cette politique a permis aux \u00e9l\u00e8ves d\u2019\u00eatre pr\u00e9par\u00e9s aux cours \u00e0 distances mises en place avec la crise du covid-19. Pr\u00e9sentation Depuis 2012 le LFIDuras s\u2019est engag\u00e9 dans le dispositif de Lyc\u00e9e num\u00e9rique. Mis au service de la r\u00e9ussite de [&hellip;]<\/p>\n","protected":false},"author":2,"featured_media":0,"parent":0,"menu_order":0,"comment_status":"closed","ping_status":"closed","template":"","meta":{"footnotes":""},"class_list":["post-401","page","type-page","status-publish","hentry","post"],"_links":{"self":[{"href":"https:\/\/lfiduras.com\/index.php\/wp-json\/wp\/v2\/pages\/401","targetHints":{"allow":["GET"]}}],"collection":[{"href":"https:\/\/lfiduras.com\/index.php\/wp-json\/wp\/v2\/pages"}],"about":[{"href":"https:\/\/lfiduras.com\/index.php\/wp-json\/wp\/v2\/types\/page"}],"author":[{"embeddable":true,"href":"https:\/\/lfiduras.com\/index.php\/wp-json\/wp\/v2\/users\/2"}],"replies":[{"embeddable":true,"href":"https:\/\/lfiduras.com\/index.php\/wp-json\/wp\/v2\/comments?post=401"}],"version-history":[{"count":7,"href":"https:\/\/lfiduras.com\/index.php\/wp-json\/wp\/v2\/pages\/401\/revisions"}],"predecessor-version":[{"id":6073,"href":"https:\/\/lfiduras.com\/index.php\/wp-json\/wp\/v2\/pages\/401\/revisions\/6073"}],"wp:attachment":[{"href":"https:\/\/lfiduras.com\/index.php\/wp-json\/wp\/v2\/media?parent=401"}],"curies":[{"name":"wp","href":"https:\/\/api.w.org\/{rel}","templated":true}]}}