{"id":450,"date":"2021-05-19T08:37:15","date_gmt":"2021-05-19T06:37:15","guid":{"rendered":"https:\/\/lfiduras.com\/?page_id=450"},"modified":"2024-09-24T09:11:36","modified_gmt":"2024-09-24T02:11:36","slug":"actu-de-lorientation","status":"publish","type":"page","link":"https:\/\/lfiduras.com\/index.php\/actu-de-lorientation\/","title":{"rendered":"Actualit\u00e9 de l&#8217;orientation"},"content":{"rendered":"\n<p><a href=\"https:\/\/lfiduras.com\/lfiduras\/wp-content\/uploads\/2024\/09\/Lettre_orientation_septembre-2.pdf\">Actualit\u00e9 de l&#8217;orientation &#8211; septembre 2024<\/a><\/p>\n\n\n\n<div style=\"height:67px\" aria-hidden=\"true\" class=\"wp-block-spacer\"><\/div>\n\n\n\n<hr class=\"wp-block-separator has-alpha-channel-opacity\"\/>\n\n\n\n<p><\/p>\n\n\n\n<h1 class=\"wp-block-heading\">Les jeudis de l&#8217;orientation<\/h1>\n\n\n\n<p>Parce que l\u2019orientation rime avec information, le lyc\u00e9e vous propose des rencontres en visio-conf\u00e9rence avec des \u00e9tablissements d\u2019enseignements sup\u00e9rieurs.<br><a href=\"https:\/\/lfiduras.com\/index.php\/2022\/11\/11\/les-jeudis-de-lorientation\/\">Retrouvez les pr\u00e9sentations propos\u00e9es<\/a><\/p>\n\n\n\n<hr class=\"wp-block-separator has-alpha-channel-opacity\"\/>\n\n\n\n<h1 class=\"wp-block-heading\">Actualit\u00e9 de l&#8217;orientation 2023-2024<\/h1>\n\n\n\n<p><a href=\"https:\/\/lfiduras.com\/lfiduras\/wp-content\/uploads\/2023\/12\/lettre-orientation-decembre.pdf\">Actualit\u00e9s de l&#8217;orientation n\u00b0 3 &#8211; 21 d\u00e9cembre 2023<br><\/a><a href=\"https:\/\/lfiduras.com\/lfiduras\/wp-content\/uploads\/2023\/10\/Lettre_orientation_n2.pdf\">Actualit\u00e9s de l&#8217;orientation n\u00b0 2 &#8211; 10 octobre 2023<br><\/a><a href=\"https:\/\/lfiduras.com\/lfiduras\/wp-content\/uploads\/2023\/10\/Lettre_orientation_septembre.pdf\">Actualit\u00e9s de l&#8217;orientation n\u00b0 1 &#8211; septembre 2023<br><\/a><\/p>\n\n\n\n<div style=\"height:17px\" aria-hidden=\"true\" class=\"wp-block-spacer\"><\/div>\n\n\n\n<hr class=\"wp-block-separator has-alpha-channel-opacity\"\/>\n\n\n<div class=\"wp-block-image is-style-default\">\n<figure class=\"alignleft size-large\"><img fetchpriority=\"high\" decoding=\"async\" width=\"300\" height=\"430\" src=\"https:\/\/lfiduras.com\/lfiduras\/wp-content\/uploads\/2022\/10\/Img-lettre-orientation.png\" alt=\"\" class=\"wp-image-2515\" srcset=\"https:\/\/lfiduras.com\/lfiduras\/wp-content\/uploads\/2022\/10\/Img-lettre-orientation.png 300w, https:\/\/lfiduras.com\/lfiduras\/wp-content\/uploads\/2022\/10\/Img-lettre-orientation-209x300.png 209w\" sizes=\"(max-width: 300px) 100vw, 300px\" \/><\/figure><\/div>\n\n\n<p><\/p>\n\n\n\n<p><strong>Ann\u00e9e scolaire 2022\/2023<\/strong><\/p>\n\n\n\n<p><\/p>\n\n\n\n<ul class=\"wp-block-list\">\n<li><a href=\"https:\/\/lfiduras.com\/lfiduras\/wp-content\/uploads\/2023\/02\/Actualite-orientation-n6_fevrier-1.pdf\">Actualit\u00e9 de l&#8217;orientation &#8211; n\u00b06 &#8211; f\u00e9vrier 2023<\/a><\/li>\n\n\n\n<li><a href=\"https:\/\/lfiduras.com\/lfiduras\/wp-content\/uploads\/2023\/01\/Actualite-orientation-n5_Janvier_2023.pdf\">Actualit\u00e9 de l&#8217;orientation &#8211; n\u00b05 &#8211; janvier 2023<\/a><\/li>\n\n\n\n<li><a href=\"https:\/\/lfiduras.com\/lfiduras\/wp-content\/uploads\/2022\/10\/Actualite-orientation-des-vacances-21-octobre-2022.pdf\">Actualit\u00e9 de l&#8217;orientation &#8211; vacances &#8211; 21 octobre 2022<\/a><\/li>\n\n\n\n<li><a href=\"https:\/\/lfiduras.com\/lfiduras\/wp-content\/uploads\/2022\/10\/Actualite-orientation-n2-_octobre_2022.pdf\">Actualit\u00e9 de l&#8217;orientation n\u00b02 &#8211; octobre 2022<\/a><\/li>\n\n\n\n<li><a href=\"https:\/\/lfiduras.com\/lfiduras\/wp-content\/uploads\/2022\/09\/Actualite-orientation-n1-septembre-2022.pdf\">Actualit\u00e9 de l&#8217;orientation n\u00b01 &#8211; septembre 2022<br><\/a><\/li>\n<\/ul>\n\n\n\n<p><\/p>\n\n\n\n<p><\/p>\n\n\n\n<p><\/p>\n\n\n\n<div style=\"height:100px\" aria-hidden=\"true\" class=\"wp-block-spacer\"><\/div>\n\n\n\n<p><\/p>\n\n\n\n<p><\/p>\n\n\n\n<p><\/p>\n\n\n\n<hr class=\"wp-block-separator has-css-opacity\"\/>\n\n\n\n<ul class=\"wp-block-list\">\n<li><a href=\"https:\/\/lfiduras.com\/lfiduras\/wp-content\/uploads\/2022\/06\/Actualite-orientation-n10-2022.pdf\">Actualit\u00e9 de l\u2019orientation \u2013 n\u00b010 \u2013 juin 2022<\/a><\/li>\n\n\n\n<li><a href=\"https:\/\/lfiduras.com\/lfiduras\/wp-content\/uploads\/2022\/06\/Actualite-orientation-n9-2022.pdf\">Actualit\u00e9 de l\u2019orientation \u2013 n\u00b09 \u2013 mai 2022<\/a><\/li>\n\n\n\n<li><a href=\"https:\/\/lfiduras.com\/lfiduras\/wp-content\/uploads\/2022\/06\/Actualite-orientation-n8-2022.pdf\">Actualit\u00e9 de l\u2019orientation \u2013 n\u00b08 \u2013 mars 2022<\/a><\/li>\n\n\n\n<li><a href=\"http:\/\/lfiduras.com\/wp-content\/uploads\/2022\/02\/Actualite-orientation-n7-2022.pdf\">Actualit\u00e9 de l&#8217;orientation &#8211; n\u00b07 &#8211; f\u00e9vrier 2022<\/a><\/li>\n\n\n\n<li><a href=\"http:\/\/lfiduras.com\/wp-content\/uploads\/2022\/01\/Actualite-orientation-n6-2022.pdf\">Actualit\u00e9 de l&#8217;orientation &#8211; n\u00b06 &#8211; janvier 2022<\/a><\/li>\n\n\n\n<li><a href=\"http:\/\/lfiduras.com\/wp-content\/uploads\/2021\/12\/Actualite-orientation-n5-2021-2.pdf\">Actualit\u00e9 de l&#8217;orientation &#8211; n\u00b05 &#8211; d\u00e9cembre 2021<\/a><\/li>\n\n\n\n<li><a href=\"http:\/\/lfiduras.com\/wp-content\/uploads\/2021\/11\/Actualite-orientation-n4-2021.pdf\">Actualit\u00e9 de l&#8217;orientation &#8211; n\u00b04 &#8211; novembre 2021<\/a><\/li>\n\n\n\n<li><a href=\"http:\/\/lfiduras.com\/wp-content\/uploads\/2021\/10\/Actualite-orientation-n3-2021.pdf\">Actualit\u00e9 de l&#8217;orientation &#8211; novembre 2021<\/a><\/li>\n\n\n\n<li><a href=\"http:\/\/lfiduras.com\/wp-content\/uploads\/2021\/10\/Actualite-orientation-n2.pdf\">Actualit\u00e9 de l&#8217;orientation n\u00b02 &#8211; octobre 2021<\/a><\/li>\n\n\n\n<li><a href=\"http:\/\/lfiduras.com\/wp-content\/uploads\/2021\/09\/Actualite-orientation-Bis.pdf\">Actualit\u00e9 de l&#8217;orientation n\u00b01 &#8211;&nbsp; septembre 2021<\/a><\/li>\n<\/ul>\n\n\n\n<hr class=\"wp-block-separator has-css-opacity\"\/>\n\n\n\n<p>Contact : <a href=\"mailto:orientation@lfiduras.com\">orientation@lfiduras.com<\/a><\/p>\n","protected":false},"excerpt":{"rendered":"<p>Actualit\u00e9 de l&#8217;orientation &#8211; septembre 2024 Les jeudis de l&#8217;orientation Parce que l\u2019orientation rime avec information, le lyc\u00e9e vous propose des rencontres en visio-conf\u00e9rence avec des \u00e9tablissements d\u2019enseignements sup\u00e9rieurs.Retrouvez les pr\u00e9sentations propos\u00e9es Actualit\u00e9 de l&#8217;orientation 2023-2024 Actualit\u00e9s de l&#8217;orientation n\u00b0 3 &#8211; 21 d\u00e9cembre 2023Actualit\u00e9s de l&#8217;orientation n\u00b0 2 &#8211; 10 octobre 2023Actualit\u00e9s de l&#8217;orientation [&hellip;]<\/p>\n","protected":false},"author":2,"featured_media":0,"parent":0,"menu_order":0,"comment_status":"closed","ping_status":"closed","template":"","meta":{"footnotes":""},"class_list":["post-450","page","type-page","status-publish","hentry","post"],"_links":{"self":[{"href":"https:\/\/lfiduras.com\/index.php\/wp-json\/wp\/v2\/pages\/450","targetHints":{"allow":["GET"]}}],"collection":[{"href":"https:\/\/lfiduras.com\/index.php\/wp-json\/wp\/v2\/pages"}],"about":[{"href":"https:\/\/lfiduras.com\/index.php\/wp-json\/wp\/v2\/types\/page"}],"author":[{"embeddable":true,"href":"https:\/\/lfiduras.com\/index.php\/wp-json\/wp\/v2\/users\/2"}],"replies":[{"embeddable":true,"href":"https:\/\/lfiduras.com\/index.php\/wp-json\/wp\/v2\/comments?post=450"}],"version-history":[{"count":47,"href":"https:\/\/lfiduras.com\/index.php\/wp-json\/wp\/v2\/pages\/450\/revisions"}],"predecessor-version":[{"id":7122,"href":"https:\/\/lfiduras.com\/index.php\/wp-json\/wp\/v2\/pages\/450\/revisions\/7122"}],"wp:attachment":[{"href":"https:\/\/lfiduras.com\/index.php\/wp-json\/wp\/v2\/media?parent=450"}],"curies":[{"name":"wp","href":"https:\/\/api.w.org\/{rel}","templated":true}]}}