{"id":451,"date":"2021-05-19T08:37:15","date_gmt":"2021-05-19T06:37:15","guid":{"rendered":"https:\/\/lfiduras.com\/?page_id=451"},"modified":"2025-06-02T14:25:17","modified_gmt":"2025-06-02T07:25:17","slug":"enseignement-de-spe","status":"publish","type":"page","link":"https:\/\/lfiduras.com\/index.php\/enseignement-de-spe\/","title":{"rendered":"Enseignements de Sp\u00e9cialit\u00e9"},"content":{"rendered":"<div class=\"wp-block-image\">\n<figure class=\"alignright size-full\"><img decoding=\"async\" width=\"269\" height=\"121\" src=\"https:\/\/lfiduras.com\/lfiduras\/wp-content\/uploads\/2023\/12\/Image3.png\" alt=\"\" class=\"wp-image-5624\"\/><\/figure><\/div>\n\n\n<p><\/p>\n\n\n\n<p><\/p>\n\n\n\n<p><a href=\"https:\/\/dessesenstock.blogspot.com\/2020\/04\/que-faire-avec-la-specialite-ses_85.html\">Pr\u00e9sentation SES<\/a><br><a href=\"https:\/\/lfiduras.com\/lfiduras\/wp-content\/uploads\/2022\/12\/PresentationNSI-LFID.pdf\">Pr\u00e9sentation NSI<br><\/a><a href=\"https:\/\/lfiduras.com\/lfiduras\/wp-content\/uploads\/2023\/12\/Presentation-spe-SPC-2023.pdf\">La sp\u00e9cialit\u00e9 physique-chimie&nbsp;en classe de premi\u00e8re<br><\/a><a href=\"https:\/\/lfiduras.com\/lfiduras\/wp-content\/uploads\/2023\/12\/Presentation-specialite-LLCE-Anglais-1e.pdf\">Sp\u00e9cialit\u00e9 LLCE: Langues, Litt\u00e9ratures et Cultures Etrang\u00e8res : Anglais<br><\/a><a href=\"https:\/\/lfiduras.com\/lfiduras\/wp-content\/uploads\/2023\/12\/Presentation-HGGSP-LFI-Marguerite-Duras-1.pptx\">Introduction \u00e0 la sp\u00e9cialit\u00e9 HGGSP<br><\/a><a href=\"https:\/\/lfiduras.com\/lfiduras\/wp-content\/uploads\/2023\/12\/Pourquoi-choisir-lenseignement-Humanites-Litterature-et-Philosophie.pdf\">Sp\u00e9cialit\u00e9 Humanit\u00e9s Litt\u00e9rature et Philosophie<br><\/a><a href=\"https:\/\/lfiduras.com\/lfiduras\/wp-content\/uploads\/2023\/12\/Presentation-spe-maths-2023_HCMV.pdf\">Sp\u00e9cialit\u00e9 math\u00e9matiques<br><\/a><a href=\"https:\/\/lfiduras.com\/lfiduras\/wp-content\/uploads\/2023\/12\/Presentation-Spe-SVT-Duras-light.pdf\">Sp\u00e9cialit\u00e9 SVT<\/a><\/p>\n\n\n<div class=\"wp-block-image\">\n<figure class=\"alignleft size-full is-resized\"><a href=\"https:\/\/www.cned.fr\/lycee\/maspemaths-revision-specialite-mathematiques\"><img decoding=\"async\" width=\"121\" height=\"103\" src=\"https:\/\/lfiduras.com\/lfiduras\/wp-content\/uploads\/2025\/06\/maspemaths.png\" alt=\"\" class=\"wp-image-8380\" style=\"width:58px;height:auto\"\/><\/a><\/figure><\/div>\n\n\n<p>Exercices, quiz, \u00e9tudes de situations concr\u00e8tes, etc. Si vous avez choisi la sp\u00e9cialit\u00e9 math\u00e9matiques, d\u00e9couvrez&nbsp;<a href=\"https:\/\/www.cned.fr\/lycee\/maspemaths-revision-specialite-mathematiques\">maspemaths.cned.fr<\/a>&nbsp;pour r\u00e9viser.<\/p>\n\n\n\n<div style=\"height:13px\" aria-hidden=\"true\" class=\"wp-block-spacer\"><\/div>\n\n\n\n<h4 class=\"wp-block-heading\"><a href=\"http:\/\/www.horizons21.fr\/\"><\/a><\/h4>\n\n\n\n<hr class=\"wp-block-separator has-css-opacity\"\/>\n\n\n\n<h5 class=\"wp-block-heading\">Construisez vos choix de sp\u00e9cialit\u00e9s au lyc\u00e9e avec la plateforme&nbsp;<a href=\"http:\/\/www.horizons21.fr\/\">Horizons21<\/a><\/h5>\n\n\n\n<h5 class=\"wp-block-heading\">Simulez vos combinaisons de sp\u00e9cialit\u00e9s et d\u00e9couvrez les perspectives de formations et de m\u00e9tiers qui s\u2019offrent \u00e0 vous.<\/h5>\n\n\n\n<hr class=\"wp-block-separator has-css-opacity\"\/>\n\n\n\n<h4 class=\"wp-block-heading\"><strong>Rappel rapide de la r\u00e9forme du baccalaur\u00e9at<\/strong><\/h4>\n\n\n\n<p><strong>En enseignement G\u00e9n\u00e9ral, la r\u00e9forme du baccalaur\u00e9at a mis fin aux s\u00e9ries :<\/strong><br>Les sp\u00e9cialit\u00e9s prennent le pas et vont permettre d\u2019approfondir certaines disciplines choisies.<br>En seconde, les \u00e9l\u00e8ves en choisissent 3 en fonction de leur projet d\u2019orientation, qu\u2019ils suivront en premi\u00e8re.<br>En terminale, ils ne suivront plus que 2 sp\u00e9cialit\u00e9s qu\u2019ils auront choisies en fin de premi\u00e8re.<\/p>\n\n\n\n<p><strong>Enseignements de sp\u00e9cialit\u00e9 offerts au LfiDuras :<\/strong><br>\u2013 Math\u00e9matiques<br>\u2013 Physique-chimie<br>\u2013 Sciences de la Vie et de la Terre<br>\u2013 Sciences \u00e9conomiques et sociales<br>\u2013 Histoire g\u00e9ographie, g\u00e9opolitique et sciences politiques<br>\u2013 Humanit\u00e9s, litt\u00e9rature et philosophie<br>\u2013 Langues, litt\u00e9ratures et cultures \u00e9trang\u00e8res (anglais)<br>\u2013 Num\u00e9rique et Sciences Informatiques<\/p>\n\n\n\n<p><strong>Tronc commun :<\/strong><br>Tous les \u00e9l\u00e8ves ont, en premi\u00e8re et terminale G\u00e9n\u00e9ral, des enseignements communs :<br>\u2013 Fran\u00e7ais (en 1\u00e8re seulement)<br>\u2013 Histoire g\u00e9o<br>\u2013 Enseignement moral et civique<br>\u2013 Langues vivantes A et B<br>\u2013 EPS<br>\u2013 Philosophie (en terminale seulement)<br>\u2013 Enseignement scientifique : code, intelligence artificielle, bio\u00e9thique, grands enjeux environnementaux.<\/p>\n\n\n\n<p><strong>Particularit\u00e9s li\u00e9es aux choix des enseignements de sp\u00e9cialit\u00e9 :<\/strong><br>Les combinaisons d\u2019enseignements de sp\u00e9cialit\u00e9 choisies par les \u00e9l\u00e8ves ne sont pas toujours r\u00e9alisables du fait de la faisabilit\u00e9 des<br>emplois du temps qui en d\u00e9coulent directement.<br>Pour cela un algorithme est cr\u00e9\u00e9 pour satisfaire le maximum d\u2019\u00e9l\u00e8ves tout en rendant possible les emplois du temps. Il prend en<br>compte l\u2019ordre de pr\u00e9f\u00e9rence des 4 enseignements de sp\u00e9cialit\u00e9 en le respectant autant que faire se peut. Ces associations varient<br>d\u2019une ann\u00e9e sur l\u2019autre ce qui explique que l\u2019algorithme peut changer \u00e0 chaque rentr\u00e9e scolaire.<\/p>\n","protected":false},"excerpt":{"rendered":"<p>Pr\u00e9sentation SESPr\u00e9sentation NSILa sp\u00e9cialit\u00e9 physique-chimie&nbsp;en classe de premi\u00e8reSp\u00e9cialit\u00e9 LLCE: Langues, Litt\u00e9ratures et Cultures Etrang\u00e8res : AnglaisIntroduction \u00e0 la sp\u00e9cialit\u00e9 HGGSPSp\u00e9cialit\u00e9 Humanit\u00e9s Litt\u00e9rature et PhilosophieSp\u00e9cialit\u00e9 math\u00e9matiquesSp\u00e9cialit\u00e9 SVT Exercices, quiz, \u00e9tudes de situations concr\u00e8tes, etc. Si vous avez choisi la sp\u00e9cialit\u00e9 math\u00e9matiques, d\u00e9couvrez&nbsp;maspemaths.cned.fr&nbsp;pour r\u00e9viser. Construisez vos choix de sp\u00e9cialit\u00e9s au lyc\u00e9e avec la plateforme&nbsp;Horizons21 Simulez vos combinaisons [&hellip;]<\/p>\n","protected":false},"author":2,"featured_media":0,"parent":0,"menu_order":0,"comment_status":"closed","ping_status":"closed","template":"","meta":{"footnotes":""},"class_list":["post-451","page","type-page","status-publish","hentry","post"],"_links":{"self":[{"href":"https:\/\/lfiduras.com\/index.php\/wp-json\/wp\/v2\/pages\/451","targetHints":{"allow":["GET"]}}],"collection":[{"href":"https:\/\/lfiduras.com\/index.php\/wp-json\/wp\/v2\/pages"}],"about":[{"href":"https:\/\/lfiduras.com\/index.php\/wp-json\/wp\/v2\/types\/page"}],"author":[{"embeddable":true,"href":"https:\/\/lfiduras.com\/index.php\/wp-json\/wp\/v2\/users\/2"}],"replies":[{"embeddable":true,"href":"https:\/\/lfiduras.com\/index.php\/wp-json\/wp\/v2\/comments?post=451"}],"version-history":[{"count":29,"href":"https:\/\/lfiduras.com\/index.php\/wp-json\/wp\/v2\/pages\/451\/revisions"}],"predecessor-version":[{"id":8390,"href":"https:\/\/lfiduras.com\/index.php\/wp-json\/wp\/v2\/pages\/451\/revisions\/8390"}],"wp:attachment":[{"href":"https:\/\/lfiduras.com\/index.php\/wp-json\/wp\/v2\/media?parent=451"}],"curies":[{"name":"wp","href":"https:\/\/api.w.org\/{rel}","templated":true}]}}