{"id":475,"date":"2021-05-19T08:45:13","date_gmt":"2021-05-19T06:45:13","guid":{"rendered":"https:\/\/lfiduras.com\/?page_id=475"},"modified":"2023-12-18T11:44:49","modified_gmt":"2023-12-18T04:44:49","slug":"concours-des-ecoles-post-bac","status":"publish","type":"page","link":"https:\/\/lfiduras.com\/index.php\/concours-des-ecoles-post-bac\/","title":{"rendered":"Post-Bac"},"content":{"rendered":"\n<h4 class=\"wp-block-heading\"><\/h4>\n\n\n\n<p>Retrouvez les pr\u00e9sentations des diff\u00e9rentes \u00e9coles qui ont particip\u00e9 \u00e0 la semaine de l&#8217;orientation, ainsi que celles des &#8220;<a href=\"https:\/\/lfiduras.com\/index.php\/2022\/11\/11\/les-jeudis-de-lorientation\/\">jeudis de l&#8217;orientation<\/a>&#8220;.<\/p>\n\n\n\n<div class=\"wp-block-columns is-layout-flex wp-container-core-columns-is-layout-9d6595d7 wp-block-columns-is-layout-flex\">\n<div class=\"wp-block-column is-layout-flow wp-block-column-is-layout-flow\"><div class=\"wp-block-image\">\n<figure class=\"aligncenter size-full is-resized\"><a href=\"https:\/\/www.concoursavenir.fr\/\"><img decoding=\"async\" src=\"https:\/\/lfiduras.com\/lfiduras\/wp-content\/uploads\/2023\/12\/Image22.png\" alt=\"\" class=\"wp-image-5614\" width=\"194\" height=\"119\" srcset=\"https:\/\/lfiduras.com\/lfiduras\/wp-content\/uploads\/2023\/12\/Image22.png 418w, https:\/\/lfiduras.com\/lfiduras\/wp-content\/uploads\/2023\/12\/Image22-300x186.png 300w\" sizes=\"(max-width: 194px) 100vw, 194px\" \/><\/a><\/figure><\/div>\n\n<div class=\"wp-block-image\">\n<figure class=\"aligncenter size-full is-resized\"><a href=\"https:\/\/lfiduras.com\/lfiduras\/wp-content\/uploads\/2023\/12\/PPT_Vietnam_admissions2024_V07112023-LFAY-1.pdf\"><img decoding=\"async\" src=\"https:\/\/lfiduras.com\/lfiduras\/wp-content\/uploads\/2023\/12\/image.png\" alt=\"\" class=\"wp-image-5618\" width=\"178\" height=\"77\"\/><\/a><\/figure><\/div>\n\n<div class=\"wp-block-image\">\n<figure class=\"aligncenter size-full is-resized\"><a href=\"https:\/\/lfiduras.com\/lfiduras\/wp-content\/uploads\/2023\/12\/2023-2024-Conference-Lycee-Etudes-metiers-du-Droit.pdf\"><img decoding=\"async\" src=\"https:\/\/lfiduras.com\/lfiduras\/wp-content\/uploads\/2023\/12\/Image1.png\" alt=\"\" class=\"wp-image-5613\" width=\"180\" height=\"74\"\/><\/a><\/figure><\/div><\/div>\n\n\n\n<div class=\"wp-block-column is-layout-flow wp-block-column-is-layout-flow\"><div class=\"wp-block-image\">\n<figure class=\"aligncenter size-full is-resized\"><a href=\"https:\/\/lfiduras.com\/lfiduras\/wp-content\/uploads\/2023\/12\/PRESENTATION-EPITA.pdf\"><img loading=\"lazy\" decoding=\"async\" src=\"https:\/\/lfiduras.com\/lfiduras\/wp-content\/uploads\/2023\/12\/epita.gif\" alt=\"\" class=\"wp-image-5612\" width=\"150\" height=\"101\"\/><\/a><\/figure><\/div>\n\n<div class=\"wp-block-image\">\n<figure class=\"aligncenter size-full is-resized\"><a href=\"https:\/\/lfiduras.com\/lfiduras\/wp-content\/uploads\/2023\/11\/PRESENTATION-DES-ETUDES-DE-SANTE.pdf\"><img loading=\"lazy\" decoding=\"async\" src=\"https:\/\/lfiduras.com\/lfiduras\/wp-content\/uploads\/2023\/11\/etdudes_sante_site.png\" alt=\"\" class=\"wp-image-5310\" width=\"163\" height=\"90\"\/><\/a><\/figure><\/div>\n\n<div class=\"wp-block-image\">\n<figure class=\"aligncenter size-full is-resized\"><a href=\"https:\/\/lfiduras.com\/lfiduras\/wp-content\/uploads\/2023\/12\/FR-SPresentation-Aivancity.pdf\"><img loading=\"lazy\" decoding=\"async\" src=\"https:\/\/lfiduras.com\/lfiduras\/wp-content\/uploads\/2023\/12\/AI.png\" alt=\"\" class=\"wp-image-5634\" width=\"153\" height=\"153\" srcset=\"https:\/\/lfiduras.com\/lfiduras\/wp-content\/uploads\/2023\/12\/AI.png 224w, https:\/\/lfiduras.com\/lfiduras\/wp-content\/uploads\/2023\/12\/AI-150x150.png 150w\" sizes=\"(max-width: 153px) 100vw, 153px\" \/><\/a><\/figure><\/div><\/div>\n\n\n\n<div class=\"wp-block-column is-layout-flow wp-block-column-is-layout-flow\"><div class=\"wp-block-image\">\n<figure class=\"aligncenter size-full is-resized\"><a href=\"https:\/\/lfiduras.com\/lfiduras\/wp-content\/uploads\/2023\/12\/GEIPI-Polytech.pdf\"><img loading=\"lazy\" decoding=\"async\" src=\"https:\/\/lfiduras.com\/lfiduras\/wp-content\/uploads\/2023\/12\/Geipi-1.png\" alt=\"\" class=\"wp-image-5642\" width=\"222\" height=\"66\" srcset=\"https:\/\/lfiduras.com\/lfiduras\/wp-content\/uploads\/2023\/12\/Geipi-1.png 414w, https:\/\/lfiduras.com\/lfiduras\/wp-content\/uploads\/2023\/12\/Geipi-1-300x90.png 300w\" sizes=\"(max-width: 222px) 100vw, 222px\" \/><\/a><\/figure><\/div>\n\n<div class=\"wp-block-image\">\n<figure class=\"aligncenter size-full is-resized\"><a href=\"https:\/\/lfiduras.com\/lfiduras\/wp-content\/uploads\/2023\/12\/ESCP-MiM-October-2023.pdf\"><img loading=\"lazy\" decoding=\"async\" src=\"https:\/\/lfiduras.com\/lfiduras\/wp-content\/uploads\/2023\/12\/escp.png\" alt=\"\" class=\"wp-image-5657\" width=\"193\" height=\"88\" srcset=\"https:\/\/lfiduras.com\/lfiduras\/wp-content\/uploads\/2023\/12\/escp.png 327w, https:\/\/lfiduras.com\/lfiduras\/wp-content\/uploads\/2023\/12\/escp-300x138.png 300w\" sizes=\"(max-width: 193px) 100vw, 193px\" \/><\/a><\/figure><\/div><\/div>\n<\/div>\n\n\n\n<div style=\"height:27px\" aria-hidden=\"true\" class=\"wp-block-spacer\"><\/div>\n\n\n\n<div class=\"wp-block-group\"><div class=\"wp-block-group__inner-container is-layout-flow wp-block-group-is-layout-flow\"><\/div><\/div>\n","protected":false},"excerpt":{"rendered":"<p>Retrouvez les pr\u00e9sentations des diff\u00e9rentes \u00e9coles qui ont particip\u00e9 \u00e0 la semaine de l&#8217;orientation, ainsi que celles des &#8220;jeudis de l&#8217;orientation&#8220;.<\/p>\n","protected":false},"author":2,"featured_media":0,"parent":0,"menu_order":0,"comment_status":"closed","ping_status":"closed","template":"","meta":{"footnotes":""},"class_list":["post-475","page","type-page","status-publish","hentry","post"],"_links":{"self":[{"href":"https:\/\/lfiduras.com\/index.php\/wp-json\/wp\/v2\/pages\/475","targetHints":{"allow":["GET"]}}],"collection":[{"href":"https:\/\/lfiduras.com\/index.php\/wp-json\/wp\/v2\/pages"}],"about":[{"href":"https:\/\/lfiduras.com\/index.php\/wp-json\/wp\/v2\/types\/page"}],"author":[{"embeddable":true,"href":"https:\/\/lfiduras.com\/index.php\/wp-json\/wp\/v2\/users\/2"}],"replies":[{"embeddable":true,"href":"https:\/\/lfiduras.com\/index.php\/wp-json\/wp\/v2\/comments?post=475"}],"version-history":[{"count":30,"href":"https:\/\/lfiduras.com\/index.php\/wp-json\/wp\/v2\/pages\/475\/revisions"}],"predecessor-version":[{"id":5700,"href":"https:\/\/lfiduras.com\/index.php\/wp-json\/wp\/v2\/pages\/475\/revisions\/5700"}],"wp:attachment":[{"href":"https:\/\/lfiduras.com\/index.php\/wp-json\/wp\/v2\/media?parent=475"}],"curies":[{"name":"wp","href":"https:\/\/api.w.org\/{rel}","templated":true}]}}