{"id":533,"date":"2021-05-24T10:58:48","date_gmt":"2021-05-24T08:58:48","guid":{"rendered":"https:\/\/lfiduras.com\/?page_id=533"},"modified":"2026-01-22T15:49:18","modified_gmt":"2026-01-22T08:49:18","slug":"aps-unss","status":"publish","type":"page","link":"https:\/\/lfiduras.com\/index.php\/aps-unss\/","title":{"rendered":"Activit\u00e9s P\u00e9riscolaires (APS) &#038; UNSS"},"content":{"rendered":"\n<div style=\"height:50px\" aria-hidden=\"true\" class=\"wp-block-spacer\"><\/div>\n\n\n\n<h2 class=\"wp-block-heading has-medium-font-size\"><strong>Activit\u00e9s P\u00e9riscolaires (APS) \u2013 Maternelle &amp; Primaire<\/strong><\/h2>\n\n\n\n<p>Les <strong>Activit\u00e9s P\u00e9riscolaires (APS)<\/strong> propos\u00e9es au LFI Duras pour la <strong>maternelle et le primaire<\/strong> permettent aux \u00e9l\u00e8ves de s\u2019\u00e9panouir au-del\u00e0 des cours.<br>Elles offrent l\u2019opportunit\u00e9 de d\u00e9couvrir de nouvelles disciplines, de d\u00e9velopper des comp\u00e9tences sportives, artistiques ou culturelles, et de partager des moments conviviaux avec leurs camarades.<br>Encadr\u00e9es par des intervenants qualifi\u00e9s, elles contribuent \u00e0 l\u2019\u00e9quilibre, au bien-\u00eatre et \u00e0 la cr\u00e9ativit\u00e9 des \u00e9l\u00e8ves.<\/p>\n\n\n\n<div style=\"height:10px\" aria-hidden=\"true\" class=\"wp-block-spacer\"><\/div>\n\n\n\n<h4 class=\"wp-block-heading\">Organisation du 2\u00e8me semestre 2025-2026<\/h4>\n\n\n\n<div class=\"wp-block-media-text is-stacked-on-mobile\" style=\"grid-template-columns:20% auto\"><figure class=\"wp-block-media-text__media\"><a href=\"https:\/\/lfiduras.com\/lfiduras\/wp-content\/uploads\/2026\/01\/APS-2025-2026-3.pdf\" target=\"_blank\" rel=\" noreferrer noopener\"><img fetchpriority=\"high\" decoding=\"async\" width=\"819\" height=\"1024\" src=\"https:\/\/lfiduras.com\/lfiduras\/wp-content\/uploads\/2026\/01\/7-819x1024.png\" alt=\"\" class=\"wp-image-9178 size-full\" srcset=\"https:\/\/lfiduras.com\/lfiduras\/wp-content\/uploads\/2026\/01\/7-819x1024.png 819w, https:\/\/lfiduras.com\/lfiduras\/wp-content\/uploads\/2026\/01\/7-240x300.png 240w, https:\/\/lfiduras.com\/lfiduras\/wp-content\/uploads\/2026\/01\/7-768x960.png 768w, https:\/\/lfiduras.com\/lfiduras\/wp-content\/uploads\/2026\/01\/7.png 1080w\" sizes=\"(max-width: 819px) 100vw, 819px\" \/><\/a><\/figure><div class=\"wp-block-media-text__content\">\n<p>La <strong>2\u00e8me p\u00e9riode d\u2019APS<\/strong> se d\u00e9roulera <strong><strong><em>du lundi 2 mars 2026 au jeudi 4 juin 2026<\/em><\/strong><\/strong>, de <strong>14h25 \u00e0 15h55<\/strong>, du lundi au jeudi.<\/p>\n\n\n\n<p><\/p>\n<\/div><\/div>\n\n\n\n<p>Le <a href=\"https:\/\/lfiduras.com\/lfiduras\/wp-content\/uploads\/2026\/01\/APS-2025-2026-3.pdf\">catalogue des APS<\/a> pour le 2\u1d49 semestre est <a href=\"https:\/\/lfiduras.com\/lfiduras\/wp-content\/uploads\/2026\/01\/APS-2025-2026-3.pdf\" target=\"_blank\" rel=\"noreferrer noopener\">disponible ici<\/a>.<\/p>\n\n\n\n<div class=\"wp-block-envira-envira-gallery\"><div id=\"envira-gallery-wrap-9184\" class=\"envira-gallery-wrap envira-gallery-theme-base envira-lightbox-theme-base\" itemscope itemtype=\"https:\/\/schema.org\/ImageGallery\"><div data-row-height=\"150\" data-gallery-theme=\"normal\" id=\"envira-gallery-9184\" class=\"envira-gallery-public envira-gallery-justified-public envira-gallery-0-columns envira-clear enviratope envira-gallery-css-animations\" data-envira-columns=\"0\"><div id=\"envira-gallery-item-9178\" class=\"envira-gallery-item enviratope-item envira-gallery-item-1 envira-lazy-load\" style=\"padding-left: 1px; padding-bottom: 1px; padding-right: 1px;\"  itemscope itemtype=\"https:\/\/schema.org\/ImageObject\"><div class=\"envira-gallery-item-inner\"><div class=\"envira-gallery-position-overlay  envira-gallery-top-left\"><\/div><div class=\"envira-gallery-position-overlay  envira-gallery-top-right\"><\/div><div class=\"envira-gallery-position-overlay  envira-gallery-bottom-left\"><\/div><div class=\"envira-gallery-position-overlay  envira-gallery-bottom-right\"><\/div><a href=\"https:\/\/lfiduras.com\/lfiduras\/wp-content\/uploads\/2026\/01\/7.png\" class=\"envira-gallery-9184 envira-gallery-link\" rel=\"enviragallery9184\" title=\"7\" data-envira-caption=\"7\" data-envira-retina=\"\" data-thumbnail=\"\"  itemprop=\"contentUrl\"><img decoding=\"async\" id=\"envira-gallery-image-9178\" class=\"envira-gallery-image envira-gallery-image-1 envira-normal envira-lazy\" data-envira-index=\"1\" src=\"https:\/\/lfiduras.com\/lfiduras\/wp-content\/uploads\/2026\/01\/7-819x1024-640x480.png\" data-envira-src=\"https:\/\/lfiduras.com\/lfiduras\/wp-content\/uploads\/2026\/01\/7-819x1024-640x480.png\" data-envira-gallery-id=\"9184\" data-envira-item-id=\"9178\" data-envira-caption=\"7\" alt=\"\" title=\"7\"  itemprop=\"thumbnailUrl\" data-envira-srcset=\"https:\/\/lfiduras.com\/lfiduras\/wp-content\/uploads\/2026\/01\/7-819x1024-640x480.png 400w,https:\/\/lfiduras.com\/lfiduras\/wp-content\/uploads\/2026\/01\/7-819x1024-640x480.png 2x\" data-envira-width=\"240\" data-envira-height=\"300\" srcset=\"data:image\/gif;base64,R0lGODlhAQABAIAAAP\/\/\/\/\/\/\/yH5BAEKAAEALAAAAAABAAEAAAICTAEAOw==\" data-safe-src=\"data:image\/gif;base64,R0lGODlhAQABAIAAAP\/\/\/\/\/\/\/yH5BAEKAAEALAAAAAABAAEAAAICTAEAOw==\" \/><\/a><\/div><\/div><div id=\"envira-gallery-item-9177\" class=\"envira-gallery-item enviratope-item envira-gallery-item-2 envira-lazy-load\" style=\"padding-left: 1px; padding-bottom: 1px; padding-right: 1px;\"  itemscope itemtype=\"https:\/\/schema.org\/ImageObject\"><div class=\"envira-gallery-item-inner\"><div class=\"envira-gallery-position-overlay  envira-gallery-top-left\"><\/div><div class=\"envira-gallery-position-overlay  envira-gallery-top-right\"><\/div><div class=\"envira-gallery-position-overlay  envira-gallery-bottom-left\"><\/div><div class=\"envira-gallery-position-overlay  envira-gallery-bottom-right\"><\/div><a href=\"https:\/\/lfiduras.com\/lfiduras\/wp-content\/uploads\/2026\/01\/8.png\" class=\"envira-gallery-9184 envira-gallery-link\" rel=\"enviragallery9184\" title=\"8\" data-envira-caption=\"8\" data-envira-retina=\"\" data-thumbnail=\"\"  itemprop=\"contentUrl\"><img decoding=\"async\" id=\"envira-gallery-image-9177\" class=\"envira-gallery-image envira-gallery-image-2 envira-normal envira-lazy\" data-envira-index=\"2\" src=\"https:\/\/lfiduras.com\/lfiduras\/wp-content\/uploads\/2026\/01\/8-819x1024-640x480.png\" data-envira-src=\"https:\/\/lfiduras.com\/lfiduras\/wp-content\/uploads\/2026\/01\/8-819x1024-640x480.png\" data-envira-gallery-id=\"9184\" data-envira-item-id=\"9177\" data-envira-caption=\"8\" alt=\"\" title=\"8\"  itemprop=\"thumbnailUrl\" data-envira-srcset=\"https:\/\/lfiduras.com\/lfiduras\/wp-content\/uploads\/2026\/01\/8-819x1024-640x480.png 400w,https:\/\/lfiduras.com\/lfiduras\/wp-content\/uploads\/2026\/01\/8-819x1024-640x480.png 2x\" data-envira-width=\"240\" data-envira-height=\"300\" srcset=\"data:image\/gif;base64,R0lGODlhAQABAIAAAP\/\/\/\/\/\/\/yH5BAEKAAEALAAAAAABAAEAAAICTAEAOw==\" data-safe-src=\"data:image\/gif;base64,R0lGODlhAQABAIAAAP\/\/\/\/\/\/\/yH5BAEKAAEALAAAAAABAAEAAAICTAEAOw==\" \/><\/a><\/div><\/div><div id=\"envira-gallery-item-9179\" class=\"envira-gallery-item enviratope-item envira-gallery-item-3 envira-lazy-load\" style=\"padding-left: 1px; padding-bottom: 1px; padding-right: 1px;\"  itemscope itemtype=\"https:\/\/schema.org\/ImageObject\"><div class=\"envira-gallery-item-inner\"><div class=\"envira-gallery-position-overlay  envira-gallery-top-left\"><\/div><div class=\"envira-gallery-position-overlay  envira-gallery-top-right\"><\/div><div class=\"envira-gallery-position-overlay  envira-gallery-bottom-left\"><\/div><div class=\"envira-gallery-position-overlay  envira-gallery-bottom-right\"><\/div><a href=\"https:\/\/lfiduras.com\/lfiduras\/wp-content\/uploads\/2026\/01\/9.png\" class=\"envira-gallery-9184 envira-gallery-link\" rel=\"enviragallery9184\" title=\"9\" data-envira-caption=\"9\" data-envira-retina=\"\" data-thumbnail=\"\"  itemprop=\"contentUrl\"><img decoding=\"async\" id=\"envira-gallery-image-9179\" class=\"envira-gallery-image envira-gallery-image-3 envira-normal envira-lazy\" data-envira-index=\"3\" src=\"https:\/\/lfiduras.com\/lfiduras\/wp-content\/uploads\/2026\/01\/9-819x1024-640x480.png\" data-envira-src=\"https:\/\/lfiduras.com\/lfiduras\/wp-content\/uploads\/2026\/01\/9-819x1024-640x480.png\" data-envira-gallery-id=\"9184\" data-envira-item-id=\"9179\" data-envira-caption=\"9\" alt=\"\" title=\"9\"  itemprop=\"thumbnailUrl\" data-envira-srcset=\"https:\/\/lfiduras.com\/lfiduras\/wp-content\/uploads\/2026\/01\/9-819x1024-640x480.png 400w,https:\/\/lfiduras.com\/lfiduras\/wp-content\/uploads\/2026\/01\/9-819x1024-640x480.png 2x\" data-envira-width=\"240\" data-envira-height=\"300\" srcset=\"data:image\/gif;base64,R0lGODlhAQABAIAAAP\/\/\/\/\/\/\/yH5BAEKAAEALAAAAAABAAEAAAICTAEAOw==\" data-safe-src=\"data:image\/gif;base64,R0lGODlhAQABAIAAAP\/\/\/\/\/\/\/yH5BAEKAAEALAAAAAABAAEAAAICTAEAOw==\" \/><\/a><\/div><\/div><div id=\"envira-gallery-item-9175\" class=\"envira-gallery-item enviratope-item envira-gallery-item-4 envira-lazy-load\" style=\"padding-left: 1px; padding-bottom: 1px; padding-right: 1px;\"  itemscope itemtype=\"https:\/\/schema.org\/ImageObject\"><div class=\"envira-gallery-item-inner\"><div class=\"envira-gallery-position-overlay  envira-gallery-top-left\"><\/div><div class=\"envira-gallery-position-overlay  envira-gallery-top-right\"><\/div><div class=\"envira-gallery-position-overlay  envira-gallery-bottom-left\"><\/div><div class=\"envira-gallery-position-overlay  envira-gallery-bottom-right\"><\/div><a href=\"https:\/\/lfiduras.com\/lfiduras\/wp-content\/uploads\/2026\/01\/10.png\" class=\"envira-gallery-9184 envira-gallery-link\" rel=\"enviragallery9184\" title=\"10\" data-envira-caption=\"10\" data-envira-retina=\"\" data-thumbnail=\"\"  itemprop=\"contentUrl\"><img decoding=\"async\" id=\"envira-gallery-image-9175\" class=\"envira-gallery-image envira-gallery-image-4 envira-normal envira-lazy\" data-envira-index=\"4\" src=\"https:\/\/lfiduras.com\/lfiduras\/wp-content\/uploads\/2026\/01\/10-819x1024-640x480.png\" data-envira-src=\"https:\/\/lfiduras.com\/lfiduras\/wp-content\/uploads\/2026\/01\/10-819x1024-640x480.png\" data-envira-gallery-id=\"9184\" data-envira-item-id=\"9175\" data-envira-caption=\"10\" alt=\"\" title=\"10\"  itemprop=\"thumbnailUrl\" data-envira-srcset=\"https:\/\/lfiduras.com\/lfiduras\/wp-content\/uploads\/2026\/01\/10-819x1024-640x480.png 400w,https:\/\/lfiduras.com\/lfiduras\/wp-content\/uploads\/2026\/01\/10-819x1024-640x480.png 2x\" data-envira-width=\"240\" data-envira-height=\"300\" srcset=\"data:image\/gif;base64,R0lGODlhAQABAIAAAP\/\/\/\/\/\/\/yH5BAEKAAEALAAAAAABAAEAAAICTAEAOw==\" data-safe-src=\"data:image\/gif;base64,R0lGODlhAQABAIAAAP\/\/\/\/\/\/\/yH5BAEKAAEALAAAAAABAAEAAAICTAEAOw==\" \/><\/a><\/div><\/div><div id=\"envira-gallery-item-9176\" class=\"envira-gallery-item enviratope-item envira-gallery-item-5 envira-lazy-load\" style=\"padding-left: 1px; padding-bottom: 1px; padding-right: 1px;\"  itemscope itemtype=\"https:\/\/schema.org\/ImageObject\"><div class=\"envira-gallery-item-inner\"><div class=\"envira-gallery-position-overlay  envira-gallery-top-left\"><\/div><div class=\"envira-gallery-position-overlay  envira-gallery-top-right\"><\/div><div class=\"envira-gallery-position-overlay  envira-gallery-bottom-left\"><\/div><div class=\"envira-gallery-position-overlay  envira-gallery-bottom-right\"><\/div><a href=\"https:\/\/lfiduras.com\/lfiduras\/wp-content\/uploads\/2026\/01\/11.png\" class=\"envira-gallery-9184 envira-gallery-link\" rel=\"enviragallery9184\" title=\"11\" data-envira-caption=\"11\" data-envira-retina=\"\" data-thumbnail=\"\"  itemprop=\"contentUrl\"><img decoding=\"async\" id=\"envira-gallery-image-9176\" class=\"envira-gallery-image envira-gallery-image-5 envira-normal envira-lazy\" data-envira-index=\"5\" src=\"https:\/\/lfiduras.com\/lfiduras\/wp-content\/uploads\/2026\/01\/11-819x1024-640x480.png\" data-envira-src=\"https:\/\/lfiduras.com\/lfiduras\/wp-content\/uploads\/2026\/01\/11-819x1024-640x480.png\" data-envira-gallery-id=\"9184\" data-envira-item-id=\"9176\" data-envira-caption=\"11\" alt=\"\" title=\"11\"  itemprop=\"thumbnailUrl\" data-envira-srcset=\"https:\/\/lfiduras.com\/lfiduras\/wp-content\/uploads\/2026\/01\/11-819x1024-640x480.png 400w,https:\/\/lfiduras.com\/lfiduras\/wp-content\/uploads\/2026\/01\/11-819x1024-640x480.png 2x\" data-envira-width=\"240\" data-envira-height=\"300\" srcset=\"data:image\/gif;base64,R0lGODlhAQABAIAAAP\/\/\/\/\/\/\/yH5BAEKAAEALAAAAAABAAEAAAICTAEAOw==\" data-safe-src=\"data:image\/gif;base64,R0lGODlhAQABAIAAAP\/\/\/\/\/\/\/yH5BAEKAAEALAAAAAABAAEAAAICTAEAOw==\" \/><\/a><\/div><\/div><div id=\"envira-gallery-item-9174\" class=\"envira-gallery-item enviratope-item envira-gallery-item-6 envira-lazy-load\" style=\"padding-left: 1px; padding-bottom: 1px; padding-right: 1px;\"  itemscope itemtype=\"https:\/\/schema.org\/ImageObject\"><div class=\"envira-gallery-item-inner\"><div class=\"envira-gallery-position-overlay  envira-gallery-top-left\"><\/div><div class=\"envira-gallery-position-overlay  envira-gallery-top-right\"><\/div><div class=\"envira-gallery-position-overlay  envira-gallery-bottom-left\"><\/div><div class=\"envira-gallery-position-overlay  envira-gallery-bottom-right\"><\/div><a href=\"https:\/\/lfiduras.com\/lfiduras\/wp-content\/uploads\/2026\/01\/12.png\" class=\"envira-gallery-9184 envira-gallery-link\" rel=\"enviragallery9184\" title=\"12\" data-envira-caption=\"12\" data-envira-retina=\"\" data-thumbnail=\"\"  itemprop=\"contentUrl\"><img decoding=\"async\" id=\"envira-gallery-image-9174\" class=\"envira-gallery-image envira-gallery-image-6 envira-normal envira-lazy\" data-envira-index=\"6\" src=\"https:\/\/lfiduras.com\/lfiduras\/wp-content\/uploads\/2026\/01\/12-819x1024-640x480.png\" data-envira-src=\"https:\/\/lfiduras.com\/lfiduras\/wp-content\/uploads\/2026\/01\/12-819x1024-640x480.png\" data-envira-gallery-id=\"9184\" data-envira-item-id=\"9174\" data-envira-caption=\"12\" alt=\"\" title=\"12\"  itemprop=\"thumbnailUrl\" data-envira-srcset=\"https:\/\/lfiduras.com\/lfiduras\/wp-content\/uploads\/2026\/01\/12-819x1024-640x480.png 400w,https:\/\/lfiduras.com\/lfiduras\/wp-content\/uploads\/2026\/01\/12-819x1024-640x480.png 2x\" data-envira-width=\"240\" data-envira-height=\"300\" srcset=\"data:image\/gif;base64,R0lGODlhAQABAIAAAP\/\/\/\/\/\/\/yH5BAEKAAEALAAAAAABAAEAAAICTAEAOw==\" data-safe-src=\"data:image\/gif;base64,R0lGODlhAQABAIAAAP\/\/\/\/\/\/\/yH5BAEKAAEALAAAAAABAAEAAAICTAEAOw==\" \/><\/a><\/div><\/div><div id=\"envira-gallery-item-9180\" class=\"envira-gallery-item enviratope-item envira-gallery-item-7 envira-lazy-load\" style=\"padding-left: 1px; padding-bottom: 1px; padding-right: 1px;\"  itemscope itemtype=\"https:\/\/schema.org\/ImageObject\"><div class=\"envira-gallery-item-inner\"><div class=\"envira-gallery-position-overlay  envira-gallery-top-left\"><\/div><div class=\"envira-gallery-position-overlay  envira-gallery-top-right\"><\/div><div class=\"envira-gallery-position-overlay  envira-gallery-bottom-left\"><\/div><div class=\"envira-gallery-position-overlay  envira-gallery-bottom-right\"><\/div><a href=\"https:\/\/lfiduras.com\/lfiduras\/wp-content\/uploads\/2026\/01\/13.png\" class=\"envira-gallery-9184 envira-gallery-link\" rel=\"enviragallery9184\" title=\"13\" data-envira-caption=\"13\" data-envira-retina=\"\" data-thumbnail=\"\"  itemprop=\"contentUrl\"><img decoding=\"async\" id=\"envira-gallery-image-9180\" class=\"envira-gallery-image envira-gallery-image-7 envira-normal envira-lazy\" data-envira-index=\"7\" src=\"https:\/\/lfiduras.com\/lfiduras\/wp-content\/uploads\/2026\/01\/13-819x1024-640x480.png\" data-envira-src=\"https:\/\/lfiduras.com\/lfiduras\/wp-content\/uploads\/2026\/01\/13-819x1024-640x480.png\" data-envira-gallery-id=\"9184\" data-envira-item-id=\"9180\" data-envira-caption=\"13\" alt=\"\" title=\"13\"  itemprop=\"thumbnailUrl\" data-envira-srcset=\"https:\/\/lfiduras.com\/lfiduras\/wp-content\/uploads\/2026\/01\/13-819x1024-640x480.png 400w,https:\/\/lfiduras.com\/lfiduras\/wp-content\/uploads\/2026\/01\/13-819x1024-640x480.png 2x\" data-envira-width=\"240\" data-envira-height=\"300\" srcset=\"data:image\/gif;base64,R0lGODlhAQABAIAAAP\/\/\/\/\/\/\/yH5BAEKAAEALAAAAAABAAEAAAICTAEAOw==\" data-safe-src=\"data:image\/gif;base64,R0lGODlhAQABAIAAAP\/\/\/\/\/\/\/yH5BAEKAAEALAAAAAABAAEAAAICTAEAOw==\" \/><\/a><\/div><\/div><\/div><\/div><noscript><img decoding=\"async\" src=\"https:\/\/lfiduras.com\/lfiduras\/wp-content\/uploads\/2026\/01\/7.png\" alt=\"\" \/><img decoding=\"async\" src=\"https:\/\/lfiduras.com\/lfiduras\/wp-content\/uploads\/2026\/01\/8.png\" alt=\"\" \/><img decoding=\"async\" src=\"https:\/\/lfiduras.com\/lfiduras\/wp-content\/uploads\/2026\/01\/9.png\" alt=\"\" \/><img decoding=\"async\" src=\"https:\/\/lfiduras.com\/lfiduras\/wp-content\/uploads\/2026\/01\/10.png\" alt=\"\" \/><img decoding=\"async\" src=\"https:\/\/lfiduras.com\/lfiduras\/wp-content\/uploads\/2026\/01\/11.png\" alt=\"\" \/><img decoding=\"async\" src=\"https:\/\/lfiduras.com\/lfiduras\/wp-content\/uploads\/2026\/01\/12.png\" alt=\"\" \/><img decoding=\"async\" src=\"https:\/\/lfiduras.com\/lfiduras\/wp-content\/uploads\/2026\/01\/13.png\" alt=\"\" \/><\/noscript><\/div>\n\n\n\n<div style=\"height:10px\" aria-hidden=\"true\" class=\"wp-block-spacer\"><\/div>\n\n\n\n<h4 class=\"wp-block-heading\">Inscriptions<\/h4>\n\n\n\n<ul class=\"wp-block-list\">\n<li>Les inscriptions se feront en ligne via <strong>Eduka<\/strong> du <strong><em><u>vendredi 23 janvier \u00e0 20h00 au dimanche 25 janvier \u00e0 minuit (24h00).<\/u><\/em><\/strong><\/li>\n\n\n\n<li>Tarif : <strong>55 \u20ac par activit\u00e9 et par semestre<\/strong> (3 activit\u00e9s maximum par enfant).<\/li>\n<\/ul>\n\n\n\n<p>\u26a0\ufe0f Les <strong>APC (Activit\u00e9s P\u00e9dagogiques Compl\u00e9mentaires)<\/strong>, propos\u00e9es par les enseignants, sont prioritaires sur les APS.<\/p>\n\n\n\n<div style=\"height:10px\" aria-hidden=\"true\" class=\"wp-block-spacer\"><\/div>\n\n\n\n<h4 class=\"wp-block-heading\">Informations compl\u00e9mentaires<\/h4>\n\n\n\n<ul class=\"wp-block-list\">\n<li>Les APS sont propos\u00e9es aux <strong>\u00e9l\u00e8ves de maternelle et du primaire<\/strong>.<\/li>\n\n\n\n<li>Pour qu\u2019une activit\u00e9 soit mise en place, il faut un <strong>minimum de 10 inscrits<\/strong>.<\/li>\n\n\n\n<li>Les r\u00e9sultats des inscriptions seront visibles dans <strong>Eduka<\/strong> (onglet \u00ab Planning \u00bb) une semaine apr\u00e8s la cl\u00f4ture des inscriptions.<\/li>\n<\/ul>\n\n\n\n<p>Vous trouverez ci-dessous le planning des activit\u00e9s p\u00e9riscolaires du 2eme semestre, <strong><strong><em>du lundi 2 mars 2026 au jeudi 4 juin 2026<\/em><\/strong><\/strong> : <\/p>\n\n\n\n<ul class=\"wp-block-list\">\n<li><a href=\"file:\/\/\/C:\/Users\/communication\/AppData\/Local\/Microsoft\/Windows\/INetCache\/Content.Outlook\/FD46DK7A\/Planning%20APS%20Semestre%202%20(2025-2026).pdf\">Planning des activit\u00e9s du 1er semestre<\/a><\/li>\n\n\n\n<li><a href=\"file:\/\/\/C:\/Users\/communication\/AppData\/Local\/Microsoft\/Windows\/INetCache\/Content.Outlook\/FD46DK7A\/Danh%20s%C3%A1ch%20c%C3%A1c%20m%C3%B4n%20h%E1%BB%8Dc%20ngo%E1%BA%A1i%20kh%C3%B3a%20APS%20k%E1%BB%B3%202%20(2025-2026).pdf\">L\u1ecbch h\u1ecdc ngo\u1ea1i kh\u00f3a h\u1ecdc k\u1ef3 1<\/a><\/li>\n<\/ul>\n\n\n\n<div style=\"height:15px\" aria-hidden=\"true\" class=\"wp-block-spacer\"><\/div>\n\n\n\n<p><\/p>\n\n\n\n<p><a href=\"https:\/\/lfiduras.com\/lfiduras\/wp-content\/uploads\/2024\/01\/COMMENT-INSCRIRE-AUX-APS-EN-LIGNE-EDUKA.pdf\">COMMENT INSCRIRE AUX APS EN LIGNE via EDUKA ?<br>L\u00c0M SAO \u0110\u1ec2 \u0110\u0102NG K\u00dd APS online qua EDUKA ?<\/a><\/p>\n\n\n\n<div style=\"height:9px\" aria-hidden=\"true\" class=\"wp-block-spacer\"><\/div>\n\n\n\n<hr class=\"wp-block-separator has-alpha-channel-opacity\"\/>\n\n\n\n<div style=\"height:20px\" aria-hidden=\"true\" class=\"wp-block-spacer\"><\/div>\n\n\n\n<h2 class=\"wp-block-heading has-text-align-left has-medium-font-size\">Activit\u00e9s de l\u2019Association Sportive<\/h2>\n\n\n\n<div style=\"height:10px\" aria-hidden=\"true\" class=\"wp-block-spacer\"><\/div>\n\n\n\n<p>L\u2019<strong>UNSS (Union Nationale du Sport Scolaire)<\/strong> propose aux \u00e9l\u00e8ves des activit\u00e9s sportives vari\u00e9es, encadr\u00e9es par les enseignants d\u2019EPS. L\u2019objectif est de permettre \u00e0 chacun de pratiquer un sport, de se d\u00e9passer, de d\u00e9velopper l\u2019esprit d\u2019\u00e9quipe et de participer \u00e0 des comp\u00e9titions scolaires.<\/p>\n\n\n\n<div style=\"height:5px\" aria-hidden=\"true\" class=\"wp-block-spacer\"><\/div>\n\n\n\n<div class=\"wp-block-group\"><div class=\"wp-block-group__inner-container is-layout-constrained wp-block-group-is-layout-constrained\">\n<div class=\"wp-block-media-text is-stacked-on-mobile\" style=\"grid-template-columns:30% auto\"><figure class=\"wp-block-media-text__media\"><img decoding=\"async\" width=\"810\" height=\"1013\" src=\"https:\/\/lfiduras.com\/lfiduras\/wp-content\/uploads\/2025\/09\/UNSS-2025-26-1.png\" alt=\"\" class=\"wp-image-8664 size-full\" srcset=\"https:\/\/lfiduras.com\/lfiduras\/wp-content\/uploads\/2025\/09\/UNSS-2025-26-1.png 810w, https:\/\/lfiduras.com\/lfiduras\/wp-content\/uploads\/2025\/09\/UNSS-2025-26-1-240x300.png 240w, https:\/\/lfiduras.com\/lfiduras\/wp-content\/uploads\/2025\/09\/UNSS-2025-26-1-768x960.png 768w\" sizes=\"(max-width: 810px) 100vw, 810px\" \/><\/figure><div class=\"wp-block-media-text__content\">\n<h4 class=\"wp-block-heading\">Portes ouvertes<\/h4>\n\n\n\n<p>Les <strong>portes ouvertes des activit\u00e9s sportives de l\u2019AS au secondaire<\/strong> se d\u00e9roulent <strong>du lundi 22 au vendredi 26 septembre 2025<\/strong>, selon le planning ci-apr\u00e8s. La participation est <strong>gratuite<\/strong>.<\/p>\n\n\n\n<h4 class=\"wp-block-heading\">Inscriptions<\/h4>\n\n\n\n<ul class=\"wp-block-list\">\n<li>Sur <strong>EDUKA<\/strong>, du <strong>lundi 22 septembre au dimanche 28 septembre 2025 inclus<\/strong><\/li>\n\n\n\n<li><strong>Quota maximum d\u2019\u00e9l\u00e8ves<\/strong> par activit\u00e9<\/li>\n\n\n\n<li><strong>Tarif d\u2019adh\u00e9sion annuel : 60 \u20ac\/an<\/strong>, quel que soit le nombre d\u2019activit\u00e9s<\/li>\n<\/ul>\n\n\n\n<p><strong>IMPORTANT <\/strong>: Afin de faciliter l\u2019organisation du retour en bus des \u00e9l\u00e8ves souhaitant participer aux portes ouvertes UNSS <strong>le mercredi 25<\/strong> septembre, les familles concern\u00e9es <strong>doivent absolument remplir le document suivant<\/strong> avant lundi 23 septembre. <br><strong><a href=\"https:\/\/docs.google.com\/spreadsheets\/d\/1LW5qTa1bBt20ijswLmXYo6mXQJucwmgkZKg9HVUazxE\/edit?gid=0#gid=0\">R\u00e9servation bus SBS mercredi 25 septembre<\/a><\/strong><\/p>\n<\/div><\/div>\n<\/div><\/div>\n\n\n\n<div style=\"height:10px\" aria-hidden=\"true\" class=\"wp-block-spacer\"><\/div>\n\n\n\n<p>Retrouvez ci-apr\u00e8s le planning UNSS pour la saison 2025-26 : <\/p>\n\n\n\n<figure class=\"wp-block-image size-medium\"><img decoding=\"async\" width=\"212\" height=\"300\" src=\"https:\/\/lfiduras.com\/lfiduras\/wp-content\/uploads\/2025\/09\/JPO-UNSS-programme-212x300.png\" alt=\"\" class=\"wp-image-8659\" srcset=\"https:\/\/lfiduras.com\/lfiduras\/wp-content\/uploads\/2025\/09\/JPO-UNSS-programme-212x300.png 212w, https:\/\/lfiduras.com\/lfiduras\/wp-content\/uploads\/2025\/09\/JPO-UNSS-programme-724x1024.png 724w, https:\/\/lfiduras.com\/lfiduras\/wp-content\/uploads\/2025\/09\/JPO-UNSS-programme-768x1086.png 768w, https:\/\/lfiduras.com\/lfiduras\/wp-content\/uploads\/2025\/09\/JPO-UNSS-programme-1086x1536.png 1086w, https:\/\/lfiduras.com\/lfiduras\/wp-content\/uploads\/2025\/09\/JPO-UNSS-programme.png 1414w\" sizes=\"(max-width: 212px) 100vw, 212px\" \/><figcaption class=\"wp-element-caption\">Planning des activit\u00e9s &#8211; UNSS &#8211; Saison 2025-26<\/figcaption><\/figure>\n\n\n\n<h5 class=\"wp-block-heading\"><br><\/h5>\n\n\n\n<hr class=\"wp-block-separator has-css-opacity\"\/>\n\n\n\n<p><\/p>\n\n\n\n<p><\/p>\n","protected":false},"excerpt":{"rendered":"<p>Activit\u00e9s P\u00e9riscolaires (APS) \u2013 Maternelle &amp; Primaire Les Activit\u00e9s P\u00e9riscolaires (APS) propos\u00e9es au LFI Duras pour la maternelle et le primaire permettent aux \u00e9l\u00e8ves de s\u2019\u00e9panouir au-del\u00e0 des cours.Elles offrent l\u2019opportunit\u00e9 de d\u00e9couvrir de nouvelles disciplines, de d\u00e9velopper des comp\u00e9tences sportives, artistiques ou culturelles, et de partager des moments conviviaux avec leurs camarades.Encadr\u00e9es par des [&hellip;]<\/p>\n","protected":false},"author":2,"featured_media":0,"parent":0,"menu_order":0,"comment_status":"closed","ping_status":"closed","template":"","meta":{"footnotes":""},"class_list":["post-533","page","type-page","status-publish","hentry","post"],"_links":{"self":[{"href":"https:\/\/lfiduras.com\/index.php\/wp-json\/wp\/v2\/pages\/533","targetHints":{"allow":["GET"]}}],"collection":[{"href":"https:\/\/lfiduras.com\/index.php\/wp-json\/wp\/v2\/pages"}],"about":[{"href":"https:\/\/lfiduras.com\/index.php\/wp-json\/wp\/v2\/types\/page"}],"author":[{"embeddable":true,"href":"https:\/\/lfiduras.com\/index.php\/wp-json\/wp\/v2\/users\/2"}],"replies":[{"embeddable":true,"href":"https:\/\/lfiduras.com\/index.php\/wp-json\/wp\/v2\/comments?post=533"}],"version-history":[{"count":65,"href":"https:\/\/lfiduras.com\/index.php\/wp-json\/wp\/v2\/pages\/533\/revisions"}],"predecessor-version":[{"id":9187,"href":"https:\/\/lfiduras.com\/index.php\/wp-json\/wp\/v2\/pages\/533\/revisions\/9187"}],"wp:attachment":[{"href":"https:\/\/lfiduras.com\/index.php\/wp-json\/wp\/v2\/media?parent=533"}],"curies":[{"name":"wp","href":"https:\/\/api.w.org\/{rel}","templated":true}]}}