{"id":535,"date":"2021-05-24T10:58:48","date_gmt":"2021-05-24T08:58:48","guid":{"rendered":"https:\/\/lfiduras.com\/?page_id=535"},"modified":"2026-04-10T15:57:50","modified_gmt":"2026-04-10T08:57:50","slug":"menus","status":"publish","type":"page","link":"https:\/\/lfiduras.com\/index.php\/menus\/","title":{"rendered":"Menus"},"content":{"rendered":"<div class=\"wp-block-image\">\n<figure class=\"alignleft size-large is-resized\"><img fetchpriority=\"high\" decoding=\"async\" width=\"596\" height=\"242\" src=\"https:\/\/lfiduras.com\/lfiduras\/wp-content\/uploads\/2022\/06\/Caterers.gif\" alt=\"\" class=\"wp-image-2048\" style=\"width:216px;height:88px\"\/><\/figure><\/div>\n\n\n<p>&nbsp;L\u2019\u00e9quipe de restauration vous pr\u00e9sente les menus suivants avec un \u00e9quilibre alimentaire vari\u00e9.<\/p>\n\n\n<div class=\"wp-block-image is-resized\">\n<figure class=\"aligncenter size-medium\"><a href=\"https:\/\/lfiduras.com\/lfiduras\/wp-content\/uploads\/2026\/04\/Menu-S22-du-13-au-17-avril-2026.pdf\" target=\"_blank\" rel=\"noreferrer noopener\"><img decoding=\"async\" width=\"300\" height=\"122\" src=\"https:\/\/lfiduras.com\/lfiduras\/wp-content\/uploads\/2022\/06\/menus_restauration_scolaire-300x122.jpg\" alt=\"\" class=\"wp-image-1657\" srcset=\"https:\/\/lfiduras.com\/lfiduras\/wp-content\/uploads\/2022\/06\/menus_restauration_scolaire-300x122.jpg 300w, https:\/\/lfiduras.com\/lfiduras\/wp-content\/uploads\/2022\/06\/menus_restauration_scolaire-1024x415.jpg 1024w, https:\/\/lfiduras.com\/lfiduras\/wp-content\/uploads\/2022\/06\/menus_restauration_scolaire-768x311.jpg 768w, https:\/\/lfiduras.com\/lfiduras\/wp-content\/uploads\/2022\/06\/menus_restauration_scolaire.jpg 1110w\" sizes=\"(max-width: 300px) 100vw, 300px\" \/><\/a><figcaption class=\"wp-element-caption\"><strong>Menu de la semaine<\/strong><\/figcaption><\/figure><\/div>\n\n\n<p><\/p>\n\n\n\n<p><\/p>\n\n\n\n<hr class=\"wp-block-separator has-css-opacity\"\/>\n\n\n\n<p>Les menus sont planifi\u00e9s en fonction des \u00e2ges, de plus, tout au long de l&#8217;ann\u00e9e diff\u00e9rents th\u00e8mes sont propos\u00e9s comme&nbsp;:<\/p>\n\n\n\n<ul id=\"block-45b598ec-eb64-4b5c-9d1f-9e18bdc6fac8\" class=\"wp-block-list\">\n<li>Menus r\u00e9gionaux,<\/li>\n\n\n\n<li>Menus internationaux,<\/li>\n\n\n\n<li>Journ\u00e9es avec produits Bio,<\/li>\n\n\n\n<li>Journ\u00e9es festives en fonction du calendrier des f\u00eates.<\/li>\n<\/ul>\n\n\n\n<p>Notre priorit\u00e9 est d&#8217;offrir aux \u00e9l\u00e8ves et personnels des repas dans un environnement s\u00fbr, propre et convivial.<\/p>\n\n\n<div class=\"wp-block-image\">\n<figure class=\"aligncenter size-large\"><img decoding=\"async\" width=\"257\" height=\"102\" src=\"https:\/\/lfiduras.com\/lfiduras\/wp-content\/uploads\/2022\/06\/restaur-1.png\" alt=\"\" class=\"wp-image-2058\"\/><\/figure><\/div>\n\n\n<p><\/p>\n","protected":false},"excerpt":{"rendered":"<p>&nbsp;L\u2019\u00e9quipe de restauration vous pr\u00e9sente les menus suivants avec un \u00e9quilibre alimentaire vari\u00e9. Les menus sont planifi\u00e9s en fonction des \u00e2ges, de plus, tout au long de l&#8217;ann\u00e9e diff\u00e9rents th\u00e8mes sont propos\u00e9s comme&nbsp;: Notre priorit\u00e9 est d&#8217;offrir aux \u00e9l\u00e8ves et personnels des repas dans un environnement s\u00fbr, propre et convivial.<\/p>\n","protected":false},"author":2,"featured_media":0,"parent":0,"menu_order":0,"comment_status":"closed","ping_status":"closed","template":"","meta":{"footnotes":""},"class_list":["post-535","page","type-page","status-publish","hentry","post"],"_links":{"self":[{"href":"https:\/\/lfiduras.com\/index.php\/wp-json\/wp\/v2\/pages\/535","targetHints":{"allow":["GET"]}}],"collection":[{"href":"https:\/\/lfiduras.com\/index.php\/wp-json\/wp\/v2\/pages"}],"about":[{"href":"https:\/\/lfiduras.com\/index.php\/wp-json\/wp\/v2\/types\/page"}],"author":[{"embeddable":true,"href":"https:\/\/lfiduras.com\/index.php\/wp-json\/wp\/v2\/users\/2"}],"replies":[{"embeddable":true,"href":"https:\/\/lfiduras.com\/index.php\/wp-json\/wp\/v2\/comments?post=535"}],"version-history":[{"count":132,"href":"https:\/\/lfiduras.com\/index.php\/wp-json\/wp\/v2\/pages\/535\/revisions"}],"predecessor-version":[{"id":9408,"href":"https:\/\/lfiduras.com\/index.php\/wp-json\/wp\/v2\/pages\/535\/revisions\/9408"}],"wp:attachment":[{"href":"https:\/\/lfiduras.com\/index.php\/wp-json\/wp\/v2\/media?parent=535"}],"curies":[{"name":"wp","href":"https:\/\/api.w.org\/{rel}","templated":true}]}}