{"id":7032,"date":"2024-09-17T13:12:56","date_gmt":"2024-09-17T06:12:56","guid":{"rendered":"https:\/\/lfiduras.com\/?page_id=7032"},"modified":"2024-09-17T13:33:51","modified_gmt":"2024-09-17T06:33:51","slug":"projet-eps","status":"publish","type":"page","link":"https:\/\/lfiduras.com\/index.php\/projet-eps\/","title":{"rendered":"Projet EPS et AS &#8211; 2nd degr\u00e9"},"content":{"rendered":"<div class=\"wp-block-image\">\n<figure class=\"aligncenter size-large is-resized\"><a href=\"https:\/\/lfiduras.com\/lfiduras\/wp-content\/uploads\/2024\/09\/PROJET-EPS-AS-Version-Courte-RGPD.pdf\"><img fetchpriority=\"high\" decoding=\"async\" width=\"1024\" height=\"576\" src=\"https:\/\/lfiduras.com\/lfiduras\/wp-content\/uploads\/2024\/09\/Projet_Eps_Img-1024x576.jpg\" alt=\"\" class=\"wp-image-7030\" style=\"width:594px;height:auto\" srcset=\"https:\/\/lfiduras.com\/lfiduras\/wp-content\/uploads\/2024\/09\/Projet_Eps_Img-1024x576.jpg 1024w, https:\/\/lfiduras.com\/lfiduras\/wp-content\/uploads\/2024\/09\/Projet_Eps_Img-300x169.jpg 300w, https:\/\/lfiduras.com\/lfiduras\/wp-content\/uploads\/2024\/09\/Projet_Eps_Img-768x432.jpg 768w, https:\/\/lfiduras.com\/lfiduras\/wp-content\/uploads\/2024\/09\/Projet_Eps_Img.jpg 1272w\" sizes=\"(max-width: 1024px) 100vw, 1024px\" \/><\/a><\/figure><\/div>\n\n\n<p>Pr\u00e9ambule<br>Le projet p\u00e9dagogique d\u2019EPS est un document obligatoire qui est le r\u00e9sultat de la r\u00e9flexion<br>collective des enseignants d\u2019EPS du LFI Duras.<\/p>\n\n\n\n<p>Il est ancr\u00e9 dans le projet d\u2019\u00e9tablissement et explicite les choix et leurs mises en \u0153uvre pour l\u2019enseignement de l\u2019EPS au sein du LFI Duras, en relation avec : le programme, les priorit\u00e9s du projet d\u2019\u00e9tablissement, le contexte local et les caract\u00e9ristiques des \u00e9l\u00e8ves. Il explicite le sens et les contenus de la discipline aux diff\u00e9rents partenaires de la communaut\u00e9 \u00e9ducative.<\/p>\n\n\n\n<p>Il formalise un cadre de travail commun pour l\u2019\u00e9quipe EPS, et est garant d\u2019une coh\u00e9rence des enseignements et des attendus en EPS pour l\u2019ensemble des \u00e9l\u00e8ves de l\u2019\u00e9tablissement.<br>C\u2019est un outil collectif de travail qui alimente au quotidien, r\u00e9flexions, prises de d\u00e9cisions et mise en \u0153uvre. Il est amen\u00e9 \u00e0 \u00e9voluer r\u00e9guli\u00e8rement en fonction de l\u2019\u00e9volution des besoins de nos \u00e9l\u00e8ves, de notre contexte local, et des attentes en EPS.<\/p>\n\n\n\n<p>Il poursuit la formation initiale commenc\u00e9e \u00e0 l\u2019\u00e9cole primaire, et s\u2019int\u00e8gre dans une vision<br>globale qui consiste \u00e0 former un citoyen cultiv\u00e9, lucide, autonome, physiquement et<br>socialement \u00e9duqu\u00e9, dans le souci du vivre ensemble.<\/p>\n\n\n\n<p>L\u2019\u00e9quipe EPS du LFI Duras<br><br>Consulter <a href=\"https:\/\/lfiduras.com\/lfiduras\/wp-content\/uploads\/2024\/09\/PROJET-EPS-AS-Version-Courte-RGPD.pdf\">le projet <\/a> (version courte)<br>Consulter <a href=\"https:\/\/lfiduras.com\/lfiduras\/wp-content\/uploads\/2024\/09\/PROJET-EPS-AS-RGPD.pdf\">une version d\u00e9taill\u00e9e<\/a> du projet<br><a href=\"https:\/\/lfiduras.com\/lfiduras\/wp-content\/uploads\/2024\/09\/Annexe-Projet-EPS-Evaluations-Communes.pdf\">Consulter les annexes<\/a> (\u00e9valuations communes)<\/p>\n","protected":false},"excerpt":{"rendered":"<p>Pr\u00e9ambuleLe projet p\u00e9dagogique d\u2019EPS est un document obligatoire qui est le r\u00e9sultat de la r\u00e9flexioncollective des enseignants d\u2019EPS du LFI Duras. Il est ancr\u00e9 dans le projet d\u2019\u00e9tablissement et explicite les choix et leurs mises en \u0153uvre pour l\u2019enseignement de l\u2019EPS au sein du LFI Duras, en relation avec : le programme, les priorit\u00e9s du [&hellip;]<\/p>\n","protected":false},"author":2,"featured_media":0,"parent":0,"menu_order":0,"comment_status":"closed","ping_status":"closed","template":"","meta":{"footnotes":""},"class_list":["post-7032","page","type-page","status-publish","hentry","post"],"_links":{"self":[{"href":"https:\/\/lfiduras.com\/index.php\/wp-json\/wp\/v2\/pages\/7032","targetHints":{"allow":["GET"]}}],"collection":[{"href":"https:\/\/lfiduras.com\/index.php\/wp-json\/wp\/v2\/pages"}],"about":[{"href":"https:\/\/lfiduras.com\/index.php\/wp-json\/wp\/v2\/types\/page"}],"author":[{"embeddable":true,"href":"https:\/\/lfiduras.com\/index.php\/wp-json\/wp\/v2\/users\/2"}],"replies":[{"embeddable":true,"href":"https:\/\/lfiduras.com\/index.php\/wp-json\/wp\/v2\/comments?post=7032"}],"version-history":[{"count":4,"href":"https:\/\/lfiduras.com\/index.php\/wp-json\/wp\/v2\/pages\/7032\/revisions"}],"predecessor-version":[{"id":7042,"href":"https:\/\/lfiduras.com\/index.php\/wp-json\/wp\/v2\/pages\/7032\/revisions\/7042"}],"wp:attachment":[{"href":"https:\/\/lfiduras.com\/index.php\/wp-json\/wp\/v2\/media?parent=7032"}],"curies":[{"name":"wp","href":"https:\/\/api.w.org\/{rel}","templated":true}]}}