{"id":8367,"date":"2025-06-02T13:20:42","date_gmt":"2025-06-02T06:20:42","guid":{"rendered":"https:\/\/lfiduras.com\/?page_id=8367"},"modified":"2025-06-02T13:20:44","modified_gmt":"2025-06-02T06:20:44","slug":"baccalaureat-se-preparer","status":"publish","type":"page","link":"https:\/\/lfiduras.com\/index.php\/baccalaureat-se-preparer\/","title":{"rendered":"Baccalaur\u00e9at &#8211; Se pr\u00e9parer"},"content":{"rendered":"\n<p>\ud83c\udf93 <strong>Pr\u00e9parez le baccalaur\u00e9at en toute s\u00e9r\u00e9nit\u00e9<\/strong><\/p>\n\n\n\n<p>\ud83d\udcd8 <em>Des ressources pour r\u00e9ussir vos ann\u00e9es de Premi\u00e8re et Terminale, en fili\u00e8re g\u00e9n\u00e9rale ou technologique.<\/em><\/p>\n\n\n\n<p>\ud83d\udcc2 <strong>Annales officielles du bac<\/strong><br>Acc\u00e9dez gratuitement aux sujets et corrig\u00e9s des ann\u00e9es pr\u00e9c\u00e9dentes sur le site <a href=\"https:\/\/eduscol.education.fr\/3067\/annales-des-epreuves-du-baccalaureat-des-voies-generale-et-technologique\">Eduscol<\/a>, pour vous entra\u00eener efficacement aux \u00e9preuves \u00e9crites.<\/p>\n\n\n\n<p>\ud83d\udde3\ufe0f <strong>Le Grand oral, comment \u00e7a se passe ?<\/strong><br>D\u00e9couvrez le d\u00e9roulement de cette \u00e9preuve cl\u00e9 du baccalaur\u00e9at, les attentes du jury, et des conseils pour <a href=\"https:\/\/www.education.gouv.fr\/reussir-au-lycee\/baccalaureat-comment-se-passe-le-grand-oral-100028\">pr\u00e9parer le Grand oral<\/a> !<\/p>\n\n\n\n<p><\/p>\n\n\n<div class=\"wp-block-image\">\n<figure class=\"aligncenter size-large is-resized\"><img fetchpriority=\"high\" decoding=\"async\" width=\"1024\" height=\"219\" src=\"https:\/\/lfiduras.com\/lfiduras\/wp-content\/uploads\/2025\/06\/banniere_eduscol-1024x219.png\" alt=\"\" class=\"wp-image-8368\" style=\"width:533px;height:auto\" srcset=\"https:\/\/lfiduras.com\/lfiduras\/wp-content\/uploads\/2025\/06\/banniere_eduscol-1024x219.png 1024w, https:\/\/lfiduras.com\/lfiduras\/wp-content\/uploads\/2025\/06\/banniere_eduscol-300x64.png 300w, https:\/\/lfiduras.com\/lfiduras\/wp-content\/uploads\/2025\/06\/banniere_eduscol-768x165.png 768w, https:\/\/lfiduras.com\/lfiduras\/wp-content\/uploads\/2025\/06\/banniere_eduscol-1536x329.png 1536w, https:\/\/lfiduras.com\/lfiduras\/wp-content\/uploads\/2025\/06\/banniere_eduscol.png 1680w\" sizes=\"(max-width: 1024px) 100vw, 1024px\" \/><\/figure><\/div>","protected":false},"excerpt":{"rendered":"<p>\ud83c\udf93 Pr\u00e9parez le baccalaur\u00e9at en toute s\u00e9r\u00e9nit\u00e9 \ud83d\udcd8 Des ressources pour r\u00e9ussir vos ann\u00e9es de Premi\u00e8re et Terminale, en fili\u00e8re g\u00e9n\u00e9rale ou technologique. \ud83d\udcc2 Annales officielles du bacAcc\u00e9dez gratuitement aux sujets et corrig\u00e9s des ann\u00e9es pr\u00e9c\u00e9dentes sur le site Eduscol, pour vous entra\u00eener efficacement aux \u00e9preuves \u00e9crites. \ud83d\udde3\ufe0f Le Grand oral, comment \u00e7a se passe [&hellip;]<\/p>\n","protected":false},"author":2,"featured_media":0,"parent":0,"menu_order":0,"comment_status":"closed","ping_status":"closed","template":"","meta":{"footnotes":""},"class_list":["post-8367","page","type-page","status-publish","hentry","post"],"_links":{"self":[{"href":"https:\/\/lfiduras.com\/index.php\/wp-json\/wp\/v2\/pages\/8367","targetHints":{"allow":["GET"]}}],"collection":[{"href":"https:\/\/lfiduras.com\/index.php\/wp-json\/wp\/v2\/pages"}],"about":[{"href":"https:\/\/lfiduras.com\/index.php\/wp-json\/wp\/v2\/types\/page"}],"author":[{"embeddable":true,"href":"https:\/\/lfiduras.com\/index.php\/wp-json\/wp\/v2\/users\/2"}],"replies":[{"embeddable":true,"href":"https:\/\/lfiduras.com\/index.php\/wp-json\/wp\/v2\/comments?post=8367"}],"version-history":[{"count":1,"href":"https:\/\/lfiduras.com\/index.php\/wp-json\/wp\/v2\/pages\/8367\/revisions"}],"predecessor-version":[{"id":8376,"href":"https:\/\/lfiduras.com\/index.php\/wp-json\/wp\/v2\/pages\/8367\/revisions\/8376"}],"wp:attachment":[{"href":"https:\/\/lfiduras.com\/index.php\/wp-json\/wp\/v2\/media?parent=8367"}],"curies":[{"name":"wp","href":"https:\/\/api.w.org\/{rel}","templated":true}]}}